{"id":1006,"date":"2024-01-30T20:41:00","date_gmt":"2024-01-30T23:41:00","guid":{"rendered":"https:\/\/www.lojafare.com.br\/?post_type=product&#038;p=1006"},"modified":"2024-01-30T20:41:51","modified_gmt":"2024-01-30T23:41:51","slug":"fiel-retratil-liso-verde","status":"publish","type":"product","link":"https:\/\/www.lojafare.com.br\/?product=fiel-retratil-liso-verde","title":{"rendered":"Fiel Retr\u00e1til Liso &#8211; Verde"},"content":{"rendered":"<h2 class=\"WjNdTR\">Descri\u00e7\u00e3o Do Produto<\/h2>\n<div class=\"Gf4Ro0\">\n<div class=\"e8lZp3\">\n<p class=\"QN2lPu\">FIEL RETR\u00c1TIL LISO \u00c9 um equipamento indispens\u00e1vel para seguran\u00e7a da sua pistola ou revolver mant\u00e9m a arma sempre pr\u00f3xima ao corpo do usu\u00e1rio evitando a queda ao solo. Fabricado com nylon injetado para dar mais resist\u00eancia ao produto, com gancho na ponta do cord\u00e3o para prender a arma com seguran\u00e7a . Possui trava para prender o fiel retr\u00e1til ao cinto, e um Limitador acoplado no cord\u00e3o para travamento do mesmo em caso de queda da arma. A trava secund\u00e1ria permite que a arma seja retirada do fiel, permitindo que o mesmo fique fixado em sua base. Usado por seguran\u00e7a publica em geral proporcionando seguran\u00e7a e conforto para sua miss\u00e3o.<\/p>\n<p class=\"QN2lPu\">ESPECIFICA\u00c7\u00d5ES TECNICAS<\/p>\n<p class=\"QN2lPu\">Cord\u00e3o Comprimento : 1 metro<\/p>\n<p class=\"QN2lPu\">Cord\u00e3o de : Poliamida<\/p>\n<p class=\"QN2lPu\">Mola em : a\u00e7o inox Aisi 301<\/p>\n<p class=\"QN2lPu\">Medidas : Comprimento: 7 cm Largura: 5,5 cm Peso : 80 gramas<\/p>\n<\/div>\n<\/div>\n","protected":false},"excerpt":{"rendered":"<p>Descri\u00e7\u00e3o Do Produto FIEL RETR\u00c1TIL LISO \u00c9 um equipamento indispens\u00e1vel para seguran\u00e7a da sua pistola ou revolver mant\u00e9m a arma sempre pr\u00f3xima ao corpo do usu\u00e1rio evitando a queda ao solo. Fabricado com nylon injetado para dar mais resist\u00eancia ao produto, com gancho na ponta do cord\u00e3o para prender a arma com seguran\u00e7a . Possui [&#8230;]\n","protected":false},"featured_media":1008,"comment_status":"open","ping_status":"closed","template":"","meta":{"_joinchat":[]},"product_cat":[126],"product_tag":[],"class_list":{"0":"post-1006","1":"product","2":"type-product","3":"status-publish","4":"has-post-thumbnail","6":"product_cat-fiel-tatico","8":"first","9":"instock","10":"shipping-taxable","11":"purchasable","12":"product-type-simple"},"jetpack_sharing_enabled":true,"_links":{"self":[{"href":"https:\/\/www.lojafare.com.br\/index.php?rest_route=\/wp\/v2\/product\/1006","targetHints":{"allow":["GET"]}}],"collection":[{"href":"https:\/\/www.lojafare.com.br\/index.php?rest_route=\/wp\/v2\/product"}],"about":[{"href":"https:\/\/www.lojafare.com.br\/index.php?rest_route=\/wp\/v2\/types\/product"}],"replies":[{"embeddable":true,"href":"https:\/\/www.lojafare.com.br\/index.php?rest_route=%2Fwp%2Fv2%2Fcomments&post=1006"}],"wp:featuredmedia":[{"embeddable":true,"href":"https:\/\/www.lojafare.com.br\/index.php?rest_route=\/wp\/v2\/media\/1008"}],"wp:attachment":[{"href":"https:\/\/www.lojafare.com.br\/index.php?rest_route=%2Fwp%2Fv2%2Fmedia&parent=1006"}],"wp:term":[{"taxonomy":"product_cat","embeddable":true,"href":"https:\/\/www.lojafare.com.br\/index.php?rest_route=%2Fwp%2Fv2%2Fproduct_cat&post=1006"},{"taxonomy":"product_tag","embeddable":true,"href":"https:\/\/www.lojafare.com.br\/index.php?rest_route=%2Fwp%2Fv2%2Fproduct_tag&post=1006"}],"curies":[{"name":"wp","href":"https:\/\/api.w.org\/{rel}","templated":true}]}}