{"id":1130,"date":"2024-01-31T23:32:06","date_gmt":"2024-02-01T02:32:06","guid":{"rendered":"https:\/\/www.lojafare.com.br\/?post_type=product&#038;p=1130"},"modified":"2024-02-06T22:25:23","modified_gmt":"2024-02-07T01:25:23","slug":"cinto-n-a-vermelho","status":"publish","type":"product","link":"https:\/\/www.lojafare.com.br\/?product=cinto-n-a-vermelho","title":{"rendered":"Cinto N.A &#8211; Vermelho"},"content":{"rendered":"","protected":false},"excerpt":{"rendered":"<h2 class=\"ui-pdp-description__title\">Descri\u00e7\u00e3o<\/h2>\n<p class=\"ui-pdp-description__content\">O cinto modelo Norte Americano, tamb\u00e9m conhecido como cinto NA, \u00e9 um acess\u00f3rio utilizado pela maioria das for\u00e7as armadas do mundo. \u00c9 ideal para fixar e transportar acess\u00f3rios como cantis, coldres, suspens\u00f3rios e porta carregadores.<br \/>\nRegulagem de tamanho atrav\u00e9s de fecho de contato.<br \/>\nPossui 13 pares de ilh\u00f3s, fura\u00e7\u00f5es a qual se prendem diversos acess\u00f3rios militares, como cantis, coldres e porta carregadores.<br \/>\nCont\u00e9m 2 passadores de cinto e fivela modelo tr\u00eas travas, produzidos em pol\u00edmero. O modelo tr\u00eas travas garante que a fivela n\u00e3o se abra de modo inesperado.<br \/>\nPode ser utilizado em conjunto com coletes t\u00e1ticos.<\/p>\n<p>Informa\u00e7\u00f5es T\u00e9cnicas<br \/>\nComposi\u00e7\u00e3o: Polipropileno<br \/>\nCores Dispon\u00edveis: Verde (c\u00f3d.:002407VO), Preta (c\u00f3d.:002407PT), Vermelho (c\u00f3d.:002407VM)<br \/>\nTamanho: \u00danico<\/p>\n<p>Dimens\u00f5es aproximadas<br \/>\nLargura: 5,5 cm<br \/>\nEspessura: 0,3 cm<br \/>\nRegulagem m\u00e1xima para utiliza\u00e7\u00e3o: 1,09 m &#8211; sendo a circunfer\u00eancia<br \/>\nRegulagem m\u00ednima para utiliza\u00e7\u00e3o: 82 cm &#8211; sendo a circunfer\u00eancia<\/p>\n<p>Peso: 200 g<br \/>\n*Fotos ilustrativas, pode haver diferen\u00e7a na tonalidade<\/p>\n<p>Cuidados com o Produto<br \/>\nPara manter o seu produto em perfeitas condi\u00e7\u00f5es, se atente as seguintes dicas:<br \/>\n&#8211; A lavagem deve ser manual.<br \/>\n&#8211; N\u00e3o lavar a seco.<br \/>\n&#8211; N\u00e3o utilizar secadora.<br \/>\n&#8211; N\u00e3o utilizar alvejante a base de cloro.<\/p>\n<p>Garantia do vendedor: 7 dias<\/p>\n","protected":false},"featured_media":1132,"comment_status":"open","ping_status":"closed","template":"","meta":{"_joinchat":[]},"product_cat":[45],"product_tag":[],"class_list":{"0":"post-1130","1":"product","2":"type-product","3":"status-publish","4":"has-post-thumbnail","6":"product_cat-cintos-e-porta-objetos","8":"first","9":"instock","10":"shipping-taxable","11":"purchasable","12":"product-type-simple"},"jetpack_sharing_enabled":true,"_links":{"self":[{"href":"https:\/\/www.lojafare.com.br\/index.php?rest_route=\/wp\/v2\/product\/1130","targetHints":{"allow":["GET"]}}],"collection":[{"href":"https:\/\/www.lojafare.com.br\/index.php?rest_route=\/wp\/v2\/product"}],"about":[{"href":"https:\/\/www.lojafare.com.br\/index.php?rest_route=\/wp\/v2\/types\/product"}],"replies":[{"embeddable":true,"href":"https:\/\/www.lojafare.com.br\/index.php?rest_route=%2Fwp%2Fv2%2Fcomments&post=1130"}],"wp:featuredmedia":[{"embeddable":true,"href":"https:\/\/www.lojafare.com.br\/index.php?rest_route=\/wp\/v2\/media\/1132"}],"wp:attachment":[{"href":"https:\/\/www.lojafare.com.br\/index.php?rest_route=%2Fwp%2Fv2%2Fmedia&parent=1130"}],"wp:term":[{"taxonomy":"product_cat","embeddable":true,"href":"https:\/\/www.lojafare.com.br\/index.php?rest_route=%2Fwp%2Fv2%2Fproduct_cat&post=1130"},{"taxonomy":"product_tag","embeddable":true,"href":"https:\/\/www.lojafare.com.br\/index.php?rest_route=%2Fwp%2Fv2%2Fproduct_tag&post=1130"}],"curies":[{"name":"wp","href":"https:\/\/api.w.org\/{rel}","templated":true}]}}