{"id":1381,"date":"2024-02-06T09:56:51","date_gmt":"2024-02-06T12:56:51","guid":{"rendered":"https:\/\/www.lojafare.com.br\/?post_type=product&#038;p=1381"},"modified":"2024-02-06T09:56:51","modified_gmt":"2024-02-06T12:56:51","slug":"chaveiro-hk-53-ouro-velho","status":"publish","type":"product","link":"https:\/\/www.lojafare.com.br\/?product=chaveiro-hk-53-ouro-velho","title":{"rendered":"Chaveiro HK 53 &#8211; Ouro Velho"},"content":{"rendered":"<p>O HK-53 \u00e9 uma vers\u00e3o ultra compacta do HK-33, ela se enquadra na categoria\u00a0do AKS-74U ou o Colt Commando, todas elas podem ser classificadas como compacta ou vers\u00f5es comando, o HK-53 foi desenvolvido em meados de 1970 e ainda \u00e9 produzida.<\/p>\n<p>&nbsp;<\/p>\n<p><strong>Caracteristicas:<\/strong><\/p>\n<ul>\n<li>Produzido em Zamac, uma liga de zinco composta por quatro componentes\u00a0met\u00e1licos b\u00e1sicos: Alum\u00ednio, Cobre, Magn\u00e9sio e Zinco<\/li>\n<li>Altamente detalhado<\/li>\n<li>Produto para presente ou cole\u00e7\u00e3o<\/li>\n<\/ul>\n<p>&nbsp;<\/p>\n<p><strong>Dimens\u00f5es aproximadas:<\/strong><br \/>\nComprimento: 9,6 cm<br \/>\nLargura: 4,2 cm<br \/>\nEngate: 6,4 cm<br \/>\nPeso: 33 g<\/p>\n<p>&nbsp;<\/p>\n<p><strong>Imagens ilustrativas. Produto sujeito a altera\u00e7\u00f5es sem aviso pr\u00e9vio.<\/strong><\/p>\n","protected":false},"excerpt":{"rendered":"<p>O HK-53 \u00e9 uma vers\u00e3o ultra compacta do HK-33, ela se enquadra na categoria\u00a0do AKS-74U ou o Colt Commando, todas elas podem ser classificadas como compacta ou vers\u00f5es comando, o HK-53 foi desenvolvido em meados de 1970 e ainda \u00e9 produzida. &nbsp; Caracteristicas: Produzido em Zamac, uma liga de zinco composta por quatro componentes\u00a0met\u00e1licos b\u00e1sicos: [&#8230;]\n","protected":false},"featured_media":1383,"comment_status":"open","ping_status":"closed","template":"","meta":{"_joinchat":[]},"product_cat":[83],"product_tag":[],"class_list":{"0":"post-1381","1":"product","2":"type-product","3":"status-publish","4":"has-post-thumbnail","6":"product_cat-chaveiros","8":"first","9":"instock","10":"shipping-taxable","11":"purchasable","12":"product-type-simple"},"jetpack_sharing_enabled":true,"_links":{"self":[{"href":"https:\/\/www.lojafare.com.br\/index.php?rest_route=\/wp\/v2\/product\/1381","targetHints":{"allow":["GET"]}}],"collection":[{"href":"https:\/\/www.lojafare.com.br\/index.php?rest_route=\/wp\/v2\/product"}],"about":[{"href":"https:\/\/www.lojafare.com.br\/index.php?rest_route=\/wp\/v2\/types\/product"}],"replies":[{"embeddable":true,"href":"https:\/\/www.lojafare.com.br\/index.php?rest_route=%2Fwp%2Fv2%2Fcomments&post=1381"}],"wp:featuredmedia":[{"embeddable":true,"href":"https:\/\/www.lojafare.com.br\/index.php?rest_route=\/wp\/v2\/media\/1383"}],"wp:attachment":[{"href":"https:\/\/www.lojafare.com.br\/index.php?rest_route=%2Fwp%2Fv2%2Fmedia&parent=1381"}],"wp:term":[{"taxonomy":"product_cat","embeddable":true,"href":"https:\/\/www.lojafare.com.br\/index.php?rest_route=%2Fwp%2Fv2%2Fproduct_cat&post=1381"},{"taxonomy":"product_tag","embeddable":true,"href":"https:\/\/www.lojafare.com.br\/index.php?rest_route=%2Fwp%2Fv2%2Fproduct_tag&post=1381"}],"curies":[{"name":"wp","href":"https:\/\/api.w.org\/{rel}","templated":true}]}}