{"id":1569,"date":"2024-02-11T09:55:43","date_gmt":"2024-02-11T12:55:43","guid":{"rendered":"https:\/\/www.lojafare.com.br\/?post_type=product&#038;p=1569"},"modified":"2024-02-11T09:55:43","modified_gmt":"2024-02-11T12:55:43","slug":"passador-aba-paddle-eagle","status":"publish","type":"product","link":"https:\/\/www.lojafare.com.br\/?product=passador-aba-paddle-eagle","title":{"rendered":"PASSADOR ABA PADDLE EAGLE"},"content":{"rendered":"<h3 class=\"sub-produto\">Informa\u00e7\u00f5es do produto<\/h3>\n<p><strong>Op\u00e7\u00f5es dispon\u00edveis<\/strong>: Preto, Marrom, Verde, Coyote<\/p>\n<p>O passador Aba Paddle permite o uso e fixa\u00e7\u00e3o do coldre junto a cintura do operador. Permite a personaliza\u00e7\u00e3o do \u00e2ngulo do coldre, proporcionando assim maior conforto na hora do saque, deixando seus equipamentos sempre \u00e0 m\u00e3o.<br \/>\n\u2022 Desenvolvido em pol\u00edmero de alta resist\u00eancia;<br \/>\n\u2022 Formato anat\u00f4mico;<br \/>\n\u2022 Sistema de fixa\u00e7\u00e3o Catraca;<br \/>\n\u2022 Possui um ponto de fixa\u00e7\u00e3o no equipamento;<br \/>\n\u2022 Compat\u00edvel com Coldre Eagle<br \/>\n\u2022 Aba Paddle compat\u00edvel com cintos de at\u00e9 45mm de largura.<\/p>\n<p>O kit composto por:<br \/>\n\u2022 01 &#8211; Aba Paddle;<br \/>\n\u2022 01 &#8211; Chave Allen M6;<br \/>\n\u2022 01 &#8211; Parafuso (M6x16);<\/p>\n<p>Medidas aproximadas<br \/>\n\u2022 Altura: 12,7 cm<br \/>\n\u2022 Largura: 10 cm<br \/>\n\u2022 Espessura: 2,4 cm<br \/>\n\u2022 Peso: 0,067g<\/p>\n<p>*Imagens ilustrativas<\/p>\n","protected":false},"excerpt":{"rendered":"<p>Informa\u00e7\u00f5es do produto Op\u00e7\u00f5es dispon\u00edveis: Preto, Marrom, Verde, Coyote O passador Aba Paddle permite o uso e fixa\u00e7\u00e3o do coldre junto a cintura do operador. Permite a personaliza\u00e7\u00e3o do \u00e2ngulo do coldre, proporcionando assim maior conforto na hora do saque, deixando seus equipamentos sempre \u00e0 m\u00e3o. \u2022 Desenvolvido em pol\u00edmero de alta resist\u00eancia; \u2022 Formato [&#8230;]\n","protected":false},"featured_media":1570,"comment_status":"open","ping_status":"closed","template":"","meta":{"_joinchat":[]},"product_cat":[115],"product_tag":[],"class_list":{"0":"post-1569","1":"product","2":"type-product","3":"status-publish","4":"has-post-thumbnail","6":"product_cat-plataformas","8":"first","9":"instock","10":"shipping-taxable","11":"purchasable","12":"product-type-simple"},"jetpack_sharing_enabled":true,"_links":{"self":[{"href":"https:\/\/www.lojafare.com.br\/index.php?rest_route=\/wp\/v2\/product\/1569","targetHints":{"allow":["GET"]}}],"collection":[{"href":"https:\/\/www.lojafare.com.br\/index.php?rest_route=\/wp\/v2\/product"}],"about":[{"href":"https:\/\/www.lojafare.com.br\/index.php?rest_route=\/wp\/v2\/types\/product"}],"replies":[{"embeddable":true,"href":"https:\/\/www.lojafare.com.br\/index.php?rest_route=%2Fwp%2Fv2%2Fcomments&post=1569"}],"wp:featuredmedia":[{"embeddable":true,"href":"https:\/\/www.lojafare.com.br\/index.php?rest_route=\/wp\/v2\/media\/1570"}],"wp:attachment":[{"href":"https:\/\/www.lojafare.com.br\/index.php?rest_route=%2Fwp%2Fv2%2Fmedia&parent=1569"}],"wp:term":[{"taxonomy":"product_cat","embeddable":true,"href":"https:\/\/www.lojafare.com.br\/index.php?rest_route=%2Fwp%2Fv2%2Fproduct_cat&post=1569"},{"taxonomy":"product_tag","embeddable":true,"href":"https:\/\/www.lojafare.com.br\/index.php?rest_route=%2Fwp%2Fv2%2Fproduct_tag&post=1569"}],"curies":[{"name":"wp","href":"https:\/\/api.w.org\/{rel}","templated":true}]}}