{"id":1605,"date":"2024-02-12T22:27:07","date_gmt":"2024-02-13T01:27:07","guid":{"rendered":"https:\/\/www.lojafare.com.br\/?post_type=product&#038;p=1605"},"modified":"2024-02-12T22:36:25","modified_gmt":"2024-02-13T01:36:25","slug":"bucking-aeg-50o-entre-250-a-340-fps","status":"publish","type":"product","link":"https:\/\/www.lojafare.com.br\/?product=bucking-aeg-50o-entre-250-a-340-fps","title":{"rendered":"BUCKING AEG 50\u00ba entre 250 a 340 fps;"},"content":{"rendered":"<p>Padr\u00e3o de encaixe:<br \/>\n&#8211; Aeg;<br \/>\n&#8211; Hopup Kpp Airsoft com canos Janela Fechada.<br \/>\n&#8211; Modelo do Patch: Comum<\/p>\n<p>Dureza da Borracha: 50\u00b0;<br \/>\nFaixa de Fps Utilizado: entre 250 a 340 fps;<\/p>\n<p>Dureza da Borracha: 60\u00b0;<br \/>\nFaixa de Fps Utilizado: at\u00e9 420 Fps;<\/p>\n<p>Dureza da Borracha: 70\u00b0;<br \/>\nFaixa de Fps Utilizado: entre 380 fps a 600 Fps;<\/p>\n<p>Cor: Varia de lote para lote;<br \/>\nAcompanha Nub.<\/p>\n<p>Montagem: A montagem deste bucking \u00e9 simples, por\u00e9m, deve ser tomada aten\u00e7\u00e3o para n\u00e3o rasgar o bucking durante a montagem. Sugerimos sempre lubrificar o bucking na parte externa para fazer a montagem! Todos os Buckings s\u00e3o inspecionados na Kpp Airsoft. Para fazer a montagem, deve-se proceder com o desmonte completo do hopup e retirada do cano. Cuide com o alinhamento do bucking e tamb\u00e9m com o perfeito encaixe da parte onde faz contato com a BB, para que de um perfeito Spin.<br \/>\nDificuldade: 4\/10<br \/>\n(1 &#8211; F\u00e1cil, o pr\u00f3prio jogar consegue montar)<br \/>\n(10 &#8211; Dif\u00edcil, Indicamos um armeiro com experi\u00eancia para montar)<\/p>\n<p>ITENS INCLUSOS:<br \/>\n&#8211; 1x Bucking Aeg &#8211; Kpp Airsoft<\/p>\n","protected":false},"excerpt":{"rendered":"<p>Padr\u00e3o de encaixe: &#8211; Aeg; &#8211; Hopup Kpp Airsoft com canos Janela Fechada. &#8211; Modelo do Patch: Comum Dureza da Borracha: 50\u00b0; Faixa de Fps Utilizado: entre 250 a 340 fps; Dureza da Borracha: 60\u00b0; Faixa de Fps Utilizado: at\u00e9 420 Fps; Dureza da Borracha: 70\u00b0; Faixa de Fps Utilizado: entre 380 fps a 600 [&#8230;]\n","protected":false},"featured_media":1606,"comment_status":"open","ping_status":"closed","template":"","meta":{"_joinchat":[]},"product_cat":[62],"product_tag":[],"class_list":{"0":"post-1605","1":"product","2":"type-product","3":"status-publish","4":"has-post-thumbnail","6":"product_cat-canos-e-hop-up","8":"first","9":"instock","10":"shipping-taxable","11":"purchasable","12":"product-type-simple"},"jetpack_sharing_enabled":true,"_links":{"self":[{"href":"https:\/\/www.lojafare.com.br\/index.php?rest_route=\/wp\/v2\/product\/1605","targetHints":{"allow":["GET"]}}],"collection":[{"href":"https:\/\/www.lojafare.com.br\/index.php?rest_route=\/wp\/v2\/product"}],"about":[{"href":"https:\/\/www.lojafare.com.br\/index.php?rest_route=\/wp\/v2\/types\/product"}],"replies":[{"embeddable":true,"href":"https:\/\/www.lojafare.com.br\/index.php?rest_route=%2Fwp%2Fv2%2Fcomments&post=1605"}],"wp:featuredmedia":[{"embeddable":true,"href":"https:\/\/www.lojafare.com.br\/index.php?rest_route=\/wp\/v2\/media\/1606"}],"wp:attachment":[{"href":"https:\/\/www.lojafare.com.br\/index.php?rest_route=%2Fwp%2Fv2%2Fmedia&parent=1605"}],"wp:term":[{"taxonomy":"product_cat","embeddable":true,"href":"https:\/\/www.lojafare.com.br\/index.php?rest_route=%2Fwp%2Fv2%2Fproduct_cat&post=1605"},{"taxonomy":"product_tag","embeddable":true,"href":"https:\/\/www.lojafare.com.br\/index.php?rest_route=%2Fwp%2Fv2%2Fproduct_tag&post=1605"}],"curies":[{"name":"wp","href":"https:\/\/api.w.org\/{rel}","templated":true}]}}