{"id":1625,"date":"2024-02-13T09:53:14","date_gmt":"2024-02-13T12:53:14","guid":{"rendered":"https:\/\/www.lojafare.com.br\/?post_type=product&#038;p=1625"},"modified":"2024-02-13T09:53:14","modified_gmt":"2024-02-13T12:53:14","slug":"mola-tappet-plate-v2-e-v3","status":"publish","type":"product","link":"https:\/\/www.lojafare.com.br\/?product=mola-tappet-plate-v2-e-v3","title":{"rendered":"MOLA TAPPET PLATE V2 E V3"},"content":{"rendered":"<h2 class=\"style_ger1\">Descri\u00e7\u00e3o<\/h2>\n<div class=\"TextoLivre1\">\n<div>\n<div class=\"row\">\n<div class=\"card bg-warning p-3 ml-3 mb-3\">\n<p><strong class=\"mb-2 mt-3 text-light\">Compatibilidade: Gearbox V2 e V3<\/strong><\/p>\n<\/div>\n<\/div>\n<p>A mola do tappet plate \u00e9 usada para controlar o ciclo de alimenta\u00e7\u00e3o e disparo do airsoft. Ela mant\u00e9m o bloqueio do gatilho aberto, permitindo que o ar comprimido seja liberado para impulsionar a bola de ar comprimido. Quando o gatilho \u00e9 solto, a mola do tappet plate volta para a posi\u00e7\u00e3o original, bloqueando o gatilho novamente e retecendo a mola.<br \/>\n? Produto 100% nacional.<\/p>\n<h2>Montagem<\/h2>\n<p>Remova o tappet plate do airsoft e localize a mola no interior da placa, coloque a mola sobre a placa, com a extremidade maior da mola na parte superior. Coloque a arruela de press\u00e3o sobre a mola, certificando-se de que ela esteja no lugar correto ent\u00e3o aperte a arruela de press\u00e3o usando uma chave de fenda. Recoloque a placa tappet no airsoft e aperte os parafuso, para em seguida verificar a placa tappet e garantir que tudo esteja apertado e correto.<\/p>\n<p>Dificuldade:<br \/>\n<strong class=\"text-warning\">Montagem requer aten\u00e7\u00e3o, o jogador precisa ter familiaridade com componentes e certa habilidade manual. Na d\u00favida, pe\u00e7a para um armeiro fazer a montagem do componente<\/strong><\/p>\n<h2>Condi\u00e7\u00f5es de Garantia:<\/h2>\n<ul>\n<li>90 dias contra defeitos de fabrica\u00e7\u00e3o.<\/li>\n<li>N\u00e3o cobrimos garantias de pe\u00e7as montadas por pessoas que n\u00e3o tem conhecimento t\u00e9cnico para tal, ou ainda em airsofts n\u00e3o compat\u00edveis com as pe\u00e7as em quest\u00e3o.<\/li>\n<\/ul>\n<\/div>\n<\/div>\n","protected":false},"excerpt":{"rendered":"<p>Descri\u00e7\u00e3o Compatibilidade: Gearbox V2 e V3 A mola do tappet plate \u00e9 usada para controlar o ciclo de alimenta\u00e7\u00e3o e disparo do airsoft. Ela mant\u00e9m o bloqueio do gatilho aberto, permitindo que o ar comprimido seja liberado para impulsionar a bola de ar comprimido. Quando o gatilho \u00e9 solto, a mola do tappet plate volta [&#8230;]\n","protected":false},"featured_media":1626,"comment_status":"open","ping_status":"closed","template":"","meta":{"_joinchat":[]},"product_cat":[61],"product_tag":[],"class_list":{"0":"post-1625","1":"product","2":"type-product","3":"status-publish","4":"has-post-thumbnail","6":"product_cat-nozzle","8":"first","9":"instock","10":"shipping-taxable","11":"purchasable","12":"product-type-simple"},"jetpack_sharing_enabled":true,"_links":{"self":[{"href":"https:\/\/www.lojafare.com.br\/index.php?rest_route=\/wp\/v2\/product\/1625","targetHints":{"allow":["GET"]}}],"collection":[{"href":"https:\/\/www.lojafare.com.br\/index.php?rest_route=\/wp\/v2\/product"}],"about":[{"href":"https:\/\/www.lojafare.com.br\/index.php?rest_route=\/wp\/v2\/types\/product"}],"replies":[{"embeddable":true,"href":"https:\/\/www.lojafare.com.br\/index.php?rest_route=%2Fwp%2Fv2%2Fcomments&post=1625"}],"wp:featuredmedia":[{"embeddable":true,"href":"https:\/\/www.lojafare.com.br\/index.php?rest_route=\/wp\/v2\/media\/1626"}],"wp:attachment":[{"href":"https:\/\/www.lojafare.com.br\/index.php?rest_route=%2Fwp%2Fv2%2Fmedia&parent=1625"}],"wp:term":[{"taxonomy":"product_cat","embeddable":true,"href":"https:\/\/www.lojafare.com.br\/index.php?rest_route=%2Fwp%2Fv2%2Fproduct_cat&post=1625"},{"taxonomy":"product_tag","embeddable":true,"href":"https:\/\/www.lojafare.com.br\/index.php?rest_route=%2Fwp%2Fv2%2Fproduct_tag&post=1625"}],"curies":[{"name":"wp","href":"https:\/\/api.w.org\/{rel}","templated":true}]}}