{"id":1701,"date":"2024-02-16T14:46:57","date_gmt":"2024-02-16T17:46:57","guid":{"rendered":"https:\/\/www.lojafare.com.br\/?post_type=product&#038;p=1701"},"modified":"2024-02-16T14:46:57","modified_gmt":"2024-02-16T17:46:57","slug":"green-gas-airsoft-avb","status":"publish","type":"product","link":"https:\/\/www.lojafare.com.br\/?product=green-gas-airsoft-avb","title":{"rendered":"Green G\u00e1s Airsoft &#8211; AVB"},"content":{"rendered":"<h2 class=\"SectionTitle__title___Mc+hH\">Descri\u00e7\u00e3o do Produto<\/h2>\n<div class=\"ProductDescription__description___bly+m\">\n<p data-testid=\"paragraph\">O Green Gas AVB foi desenvolvido pensando em seguran\u00e7a, prote\u00e7\u00e3o e efici\u00eancia.<\/p>\n<p data-testid=\"paragraph\">\n<p data-testid=\"paragraph\">Oferece uma f\u00f3rmula com silicone que evita ferrugem, para m\u00e1xima performance e m\u00ednimo desgaste do seu equipamento, assim mantendo o mecanismo de blowback interno da arma bem lubrificado e a cada uso aumenta seu desempenho.<\/p>\n<p data-testid=\"paragraph\">\n<p data-testid=\"paragraph\">ESPECIFICA\u00c7\u00d5ES<\/p>\n<p data-testid=\"paragraph\">Marca\/Modelo: AVB\/AVB-GREEN-GAS<\/p>\n<p data-testid=\"paragraph\">Capacidade: 500 ml<\/p>\n<p data-testid=\"paragraph\">Peso bruto: 450 g<\/p>\n<p data-testid=\"paragraph\">Peso liquido: 265 g<\/p>\n<p data-testid=\"paragraph\">\n<p data-testid=\"paragraph\">COMPOSI\u00c7\u00c3O:<\/p>\n<p data-testid=\"paragraph\">65% &#8211; Propano (Einecs 200-827-9)<\/p>\n<p data-testid=\"paragraph\">25% &#8211; Butano (Einecs 203-448-7)<\/p>\n<p data-testid=\"paragraph\">09% &#8211; Outros gases nobres ambientais<\/p>\n<p data-testid=\"paragraph\">01% &#8211; Silicone<\/p>\n<p data-testid=\"paragraph\">\n<p data-testid=\"paragraph\">PRECAU\u00c7\u00d5ES:<\/p>\n<p data-testid=\"paragraph\">Aerosol altamente inflam\u00e1vel: GEFAHR &#8211; UN1950<\/p>\n<p data-testid=\"paragraph\">Recipiente pressurizado: pode explodir se for aquecido.<\/p>\n<p data-testid=\"paragraph\">Mantenha afastado do calor, fa\u00edscas, chamas e outras fontes de igni\u00e7\u00e3o<\/p>\n<p data-testid=\"paragraph\">N\u00e3o pulverize sobre chamas ou outras fontes de igni\u00e7\u00e3o.<\/p>\n<p data-testid=\"paragraph\">N\u00e3o perfure ou queime a embalagem mesmo ap\u00f3s o uso.<\/p>\n<p data-testid=\"paragraph\">Manter protegido do sol: N\u00e3o exponha a temperaturas superiores a 50\u00b0C \/ 122\u00b0F<\/p>\n<p data-testid=\"paragraph\">Descarte em pontos de coleta de res\u00edduos perigosos ou especiais.<\/p>\n<p data-testid=\"paragraph\">Peso bruto do produto:\u00a0450,000\u00a0kg<\/p>\n<\/div>\n","protected":false},"excerpt":{"rendered":"<p>Descri\u00e7\u00e3o do Produto O Green Gas AVB foi desenvolvido pensando em seguran\u00e7a, prote\u00e7\u00e3o e efici\u00eancia. Oferece uma f\u00f3rmula com silicone que evita ferrugem, para m\u00e1xima performance e m\u00ednimo desgaste do seu equipamento, assim mantendo o mecanismo de blowback interno da arma bem lubrificado e a cada uso aumenta seu desempenho. ESPECIFICA\u00c7\u00d5ES Marca\/Modelo: AVB\/AVB-GREEN-GAS Capacidade: 500 [&#8230;]\n","protected":false},"featured_media":1702,"comment_status":"open","ping_status":"closed","template":"","meta":{"_joinchat":[]},"product_cat":[80],"product_tag":[],"class_list":{"0":"post-1701","1":"product","2":"type-product","3":"status-publish","4":"has-post-thumbnail","6":"product_cat-gas-e-lubrificante","8":"first","9":"instock","10":"shipping-taxable","11":"purchasable","12":"product-type-simple"},"jetpack_sharing_enabled":true,"_links":{"self":[{"href":"https:\/\/www.lojafare.com.br\/index.php?rest_route=\/wp\/v2\/product\/1701","targetHints":{"allow":["GET"]}}],"collection":[{"href":"https:\/\/www.lojafare.com.br\/index.php?rest_route=\/wp\/v2\/product"}],"about":[{"href":"https:\/\/www.lojafare.com.br\/index.php?rest_route=\/wp\/v2\/types\/product"}],"replies":[{"embeddable":true,"href":"https:\/\/www.lojafare.com.br\/index.php?rest_route=%2Fwp%2Fv2%2Fcomments&post=1701"}],"wp:featuredmedia":[{"embeddable":true,"href":"https:\/\/www.lojafare.com.br\/index.php?rest_route=\/wp\/v2\/media\/1702"}],"wp:attachment":[{"href":"https:\/\/www.lojafare.com.br\/index.php?rest_route=%2Fwp%2Fv2%2Fmedia&parent=1701"}],"wp:term":[{"taxonomy":"product_cat","embeddable":true,"href":"https:\/\/www.lojafare.com.br\/index.php?rest_route=%2Fwp%2Fv2%2Fproduct_cat&post=1701"},{"taxonomy":"product_tag","embeddable":true,"href":"https:\/\/www.lojafare.com.br\/index.php?rest_route=%2Fwp%2Fv2%2Fproduct_tag&post=1701"}],"curies":[{"name":"wp","href":"https:\/\/api.w.org\/{rel}","templated":true}]}}