{"id":197,"date":"2024-01-20T15:10:57","date_gmt":"2024-01-20T18:10:57","guid":{"rendered":"https:\/\/www.lojafare.com.br\/?post_type=product&#038;p=197"},"modified":"2024-01-22T13:19:20","modified_gmt":"2024-01-22T16:19:20","slug":"carregador-lipo-feasso-imax-b6-profissional","status":"publish","type":"product","link":"https:\/\/www.lojafare.com.br\/?product=carregador-lipo-feasso-imax-b6-profissional","title":{"rendered":"CARREGADOR LIPO FEASSO IMAX B6 PROFISSIONAL"},"content":{"rendered":"<p style=\"font-weight: 400;\"><b><strong>FF-B6AC &#8211; FEASSO IMAX B6AC BALANCEADOR PROFISSIONAL DE CARGA\/ DESCARGA Para baterias: LiPO\/ Li-Ion\/ LiFe\/ NiCd\/ NiMH\/ PB &#8211; sku 585<\/strong><\/b><\/p>\n<p style=\"font-weight: 400;\">Feasso IMAX B6 \u00e9 o balanceador profissional mais completo e avan\u00e7ado, desenvolvido para atender diversos tipos de baterias\u00a0LiPO\/ Li-Ion\/ LiFe\/ NiCd\/ NiMH\/ PB, j\u00e1 vem com fonte integrada, kit com chicote de Plug Tamiya RC, mini Tamiya (mini EL), Dean T, XT60 e um par de plug Jacar\u00e9, pronto para quem pratica modelismo, esportes como airsoft entre outros.<\/p>\n<p style=\"font-weight: 400;\"><b><strong>&#8211;<\/strong><\/b>\u00a0Produto de carregamento r\u00e1pido.<\/p>\n<p style=\"font-weight: 400;\"><b><strong>&#8211;<\/strong><\/b>\u00a0Microprocessador de alto desempenho.<\/p>\n<p style=\"font-weight: 400;\"><b><strong>&#8211;<\/strong><\/b>\u00a0Software especializado e\u00a0otimizado.<\/p>\n<p style=\"font-weight: 400;\">&#8211;\u00a0Balanceador e Descarga da bateria com balanceamento individual de c\u00e9lulas.<\/p>\n<p style=\"font-weight: 400;\"><b><strong>Ideal para<\/strong><\/b>: Modelismo, Radiocontrole, Airsoft<\/p>\n<p style=\"font-weight: 400;\"><b><strong>Caixa Acompanha<\/strong><\/b><\/p>\n<p style=\"font-weight: 400;\">1 Balanceador de carga FEASSO IMAX B6AC<\/p>\n<p style=\"font-weight: 400;\">1 Cabo para alimenta\u00e7\u00e3o100 ~ 240 V (Bivolt)<\/p>\n<p style=\"font-weight: 400;\">1 Cabo de Alimenta\u00e7\u00e3o com garra jacar\u00e9 11 ~18 V<\/p>\n<p style=\"font-weight: 400;\">1 Cabo de sa\u00edda com garra jacar\u00e9<\/p>\n<p style=\"font-weight: 400;\">1 Cabo de sa\u00edda com pino banana<\/p>\n<p style=\"font-weight: 400;\">1 Cabo de sa\u00edda com plug Tamiya RC<br \/>\n1 Cabo de sa\u00edda com plug mini Tamiya (mini EL)<\/p>\n<p style=\"font-weight: 400;\">1 Cabo de sa\u00edda com plug T Dean<\/p>\n<p style=\"font-weight: 400;\">1 Cabo de sa\u00edda com plug XT60<br \/>\n1 Manual em portugu\u00eas<\/p>\n<p style=\"font-weight: 400;\">Peso Caixa 800g<\/p>\n<p style=\"font-weight: 400;\">Medidas 21x16x5,5 cm<\/p>\n<p style=\"font-weight: 400;\"><b><strong>CONFIRA ESTA DICA<\/strong><\/b>:\u00a0<a href=\"https:\/\/feasso.com.br\/cuidados-baterias-lipo\"><u><b><strong>Cuidados com sua bateria LiPO<\/strong><\/b><\/u><\/a><\/p>\n<p style=\"font-weight: 400;\"><b><strong>ATEN\u00c7\u00c3O:\u00a0<\/strong><\/b>Este produto n\u00e3o \u00e9 indicado para menores de 18 anos<\/p>\n<p style=\"font-weight: 400;\">Fabricado na China<br \/>\nImportado: por Grupo Feasso Brasil\/Eletr\u00f4nicos<br \/>\nValidade: Indeterminado<\/p>\n","protected":false},"excerpt":{"rendered":"<p>FF-B6AC &#8211; FEASSO IMAX B6AC BALANCEADOR PROFISSIONAL DE CARGA\/ DESCARGA Para baterias: LiPO\/ Li-Ion\/ LiFe\/ NiCd\/ NiMH\/ PB &#8211; sku 585 Feasso IMAX B6 \u00e9 o balanceador profissional mais completo e avan\u00e7ado, desenvolvido para atender diversos tipos de baterias\u00a0LiPO\/ Li-Ion\/ LiFe\/ NiCd\/ NiMH\/ PB, j\u00e1 vem com fonte integrada, kit com chicote de Plug Tamiya [&#8230;]\n","protected":false},"featured_media":198,"comment_status":"open","ping_status":"closed","template":"","meta":{"_joinchat":[]},"product_cat":[33],"product_tag":[],"class_list":{"0":"post-197","1":"product","2":"type-product","3":"status-publish","4":"has-post-thumbnail","6":"product_cat-baterias-e-carregadores","8":"first","9":"instock","10":"shipping-taxable","11":"purchasable","12":"product-type-simple"},"jetpack_sharing_enabled":true,"_links":{"self":[{"href":"https:\/\/www.lojafare.com.br\/index.php?rest_route=\/wp\/v2\/product\/197","targetHints":{"allow":["GET"]}}],"collection":[{"href":"https:\/\/www.lojafare.com.br\/index.php?rest_route=\/wp\/v2\/product"}],"about":[{"href":"https:\/\/www.lojafare.com.br\/index.php?rest_route=\/wp\/v2\/types\/product"}],"replies":[{"embeddable":true,"href":"https:\/\/www.lojafare.com.br\/index.php?rest_route=%2Fwp%2Fv2%2Fcomments&post=197"}],"wp:featuredmedia":[{"embeddable":true,"href":"https:\/\/www.lojafare.com.br\/index.php?rest_route=\/wp\/v2\/media\/198"}],"wp:attachment":[{"href":"https:\/\/www.lojafare.com.br\/index.php?rest_route=%2Fwp%2Fv2%2Fmedia&parent=197"}],"wp:term":[{"taxonomy":"product_cat","embeddable":true,"href":"https:\/\/www.lojafare.com.br\/index.php?rest_route=%2Fwp%2Fv2%2Fproduct_cat&post=197"},{"taxonomy":"product_tag","embeddable":true,"href":"https:\/\/www.lojafare.com.br\/index.php?rest_route=%2Fwp%2Fv2%2Fproduct_tag&post=197"}],"curies":[{"name":"wp","href":"https:\/\/api.w.org\/{rel}","templated":true}]}}