{"id":2162,"date":"2024-03-11T19:38:47","date_gmt":"2024-03-11T22:38:47","guid":{"rendered":"https:\/\/www.lojafare.com.br\/?post_type=product&#038;p=2162"},"modified":"2024-03-11T19:40:18","modified_gmt":"2024-03-11T22:40:18","slug":"bateria-lipo-15c-7-4v-900mah","status":"publish","type":"product","link":"https:\/\/www.lojafare.com.br\/?product=bateria-lipo-15c-7-4v-900mah","title":{"rendered":"Bateria LiPO 15C &#8211; 7.4V &#8211; 900mAh"},"content":{"rendered":"<p style=\"font-weight: 400;\"><b><strong>FFB-008 &#8211; Bateria LiPO 15C \u2013 7.4V &#8211; 900 mAh &#8211;\u00a0SKU: 615\u00a0 &#8211;\u00a0\u00a0<\/strong><\/b><a href=\"https:\/\/feasso.com.br\/cuidados-baterias-lipo\">\u00a0<\/a><b><a href=\"https:\/\/feasso.com.br\/cuidados-baterias-lipo\">CUIDADOS COM SUA BATERIA LiPO<\/a>!<\/b><br \/>\n<b><strong>Aplica\u00e7\u00e3o: Airsoft<\/strong><\/b><\/p>\n<p style=\"font-weight: 400;\">As Baterias da Feasso Airsoft , foram feitas e desenvolvidas para uso em AEG de alta performance no Airsoft!<br \/>\nReconhecida por serem as mais seguras e com alto n\u00edvel de qualidade tem como principal caracter\u00edsticas, sua durabilidade e seguran\u00e7a.<br \/>\nAs Baterias do tipo (<b><strong>LiPO<\/strong><\/b>) da Feasso, passaram por rigorosos testes de qualidade para assegurar ao seu usu\u00e1rio a descarga mais pr\u00f3xima do nominal descrito em sua embalagem.<br \/>\nS\u00e3o testadas e aprovadas para uso no AIRSOF, afim de proporcionar o melhor desempenho para sua finalidade, oferecendo o m\u00e1ximo de desempenho, com um \u00f3timo custo benef\u00edcio, desenvolvidos com alta tecnologia em sua fabrica\u00e7\u00e3o.<\/p>\n<p><b><strong>ATEN\u00c7\u00c3O: Somente a de\u00a0 &#8220;BLISTER AZUL&#8221; tem medidas comp\u00e1tivel com AEG marca Rossi\u00a0\u00a0NEPTUNE KEYMOD PDW!<\/strong><\/b><\/p>\n<p><b>CARACTER\u00cdSTICAS:<\/b><\/p>\n<p style=\"font-weight: 400;\">FFB-008 Blister &#8220;<b>AZUL&#8221;\u00a0<\/b><b><br \/>\n<\/b>Medidas exatas 10,37x 20x 100\u00a0mm<\/p>\n<p style=\"font-weight: 400;\">Marca: Feasso Airsoft<br \/>\nBateria de Pol\u00edmero de l\u00edtio (LiPO)<\/p>\n<p style=\"font-weight: 400;\">Capacidade: 900 mAh<\/p>\n<p style=\"font-weight: 400;\">Descarga: 15C<\/p>\n<p style=\"font-weight: 400;\">Voltagem: 7.4V<\/p>\n<p style=\"font-weight: 400;\">Quantidade de C\u00e9lulas:2<\/p>\n<p style=\"font-weight: 400;\">Plug de descarga: Mini EL<\/p>\n<p style=\"font-weight: 400;\">Plug de carga: JST 3Pin<\/p>\n<p style=\"font-weight: 400;\">Dimens\u00e3o: 12x22x105mm<\/p>\n<p style=\"font-weight: 400;\">FFB-008 Blister &#8220;<b>PRETO&#8221;\u00a0<\/b><b><strong><br \/>\n<\/strong><\/b>Medidas exatas 13,59x 20x 100\u00a0mm<\/p>\n<p style=\"font-weight: 400;\">Marca: Feasso Airsoft<br \/>\nBateria de Pol\u00edmero de l\u00edtio (LiPO)<\/p>\n<p style=\"font-weight: 400;\">Capacidade: 900 mAh<\/p>\n<p style=\"font-weight: 400;\">Descarga: 15C<\/p>\n<p style=\"font-weight: 400;\">Voltagem: 7.4V<\/p>\n<p style=\"font-weight: 400;\">Peso: 50g<br \/>\nPeso com caixa: 72g<\/p>\n<p style=\"font-weight: 400;\"><b><strong>ATEN\u00c7\u00c3O<\/strong><\/b><br \/>\n<a href=\"https:\/\/feasso.com.br\/cuidados-baterias-lipo\"><b><strong>Leia o manual de Utiliza\u00e7\u00e3o para manuseio seguro deste produto!<\/strong><\/b><\/a><\/p>\n<p style=\"font-weight: 400;\">Recomendamos sempre utilizar a fun\u00e7\u00e3o Balanceamento na recarga!<br \/>\nMantenha\u00a0\u00a0e manuseie este produto em local seguro, seco e longe de produtos inflam\u00e1veis, este produto em condi\u00e7\u00f5es de \u201cMAL USO\u201d pode explodir e provocar les\u00f5es por queimadura!<\/p>\n<p style=\"font-weight: 400;\">Recomendamos carregadores de uso profissional para recarga\u00a0&#8211;\u00a0<a href=\"https:\/\/feasso.com.br\/carregador-imax-balanceador-de-carga-ff-b6ac\">FF-B6AC<\/a>\u00a0ou<br \/>\n<a href=\"https:\/\/feasso.com.br\/carregador-compacto-ff-b3v1\">FF-B3V1<\/a><\/p>\n<p>Recomendamos para Transporte seguro: Safe Bag\u00a0<a href=\"https:\/\/feasso.com.br\/capa-protetora-preta-fja-300x-para-baterias-lipo?search=fja\">FJA-300<\/a><br \/>\nou a Embalem \u201cN\u00e3o descarte est\u00e1 embalagem!\u201d<\/p>\n<p><b><strong>N\u00c3O USE BATERIAS PARA DRONES EM SUA AIRSOFT ISSO PODE CAUSAR DANOS AO SEU EQUIPAMENTO!\u00a0<\/strong><\/b><\/p>\n<p style=\"font-weight: 400;\">Nota: Esta bateria pode ser utilizada em auto\/aeromodelos de r\u00e1dio controle RX e Projetos de engenharia el\u00e9trica &#8211; consulte seu manual!<\/p>\n<p style=\"font-weight: 400;\">Produto Importado!<\/p>\n<p style=\"font-weight: 400;\"><b>ATEN\u00c7\u00c3O: Este produto n\u00e3o \u00e9 indicado para menores de 16 anos<\/b><\/p>\n<p style=\"font-weight: 400;\">Fabricado na China<\/p>\n<p style=\"font-weight: 400;\">Importado: Por Grupo Feasso Brasil\/Eletr\u00f4nicos Validade Indeterminada Garantia: 6 meses<\/p>\n","protected":false},"excerpt":{"rendered":"<p>FFB-008 &#8211; Bateria LiPO 15C \u2013 7.4V &#8211; 900 mAh &#8211;\u00a0SKU: 615\u00a0 &#8211;\u00a0\u00a0\u00a0CUIDADOS COM SUA BATERIA LiPO! Aplica\u00e7\u00e3o: Airsoft As Baterias da Feasso Airsoft , foram feitas e desenvolvidas para uso em AEG de alta performance no Airsoft! Reconhecida por serem as mais seguras e com alto n\u00edvel de qualidade tem como principal caracter\u00edsticas, sua [&#8230;]\n","protected":false},"featured_media":2164,"comment_status":"open","ping_status":"closed","template":"","meta":{"_joinchat":[]},"product_cat":[33],"product_tag":[],"class_list":{"0":"post-2162","1":"product","2":"type-product","3":"status-publish","4":"has-post-thumbnail","6":"product_cat-baterias-e-carregadores","8":"first","9":"instock","10":"shipping-taxable","11":"purchasable","12":"product-type-simple"},"jetpack_sharing_enabled":true,"_links":{"self":[{"href":"https:\/\/www.lojafare.com.br\/index.php?rest_route=\/wp\/v2\/product\/2162","targetHints":{"allow":["GET"]}}],"collection":[{"href":"https:\/\/www.lojafare.com.br\/index.php?rest_route=\/wp\/v2\/product"}],"about":[{"href":"https:\/\/www.lojafare.com.br\/index.php?rest_route=\/wp\/v2\/types\/product"}],"replies":[{"embeddable":true,"href":"https:\/\/www.lojafare.com.br\/index.php?rest_route=%2Fwp%2Fv2%2Fcomments&post=2162"}],"wp:featuredmedia":[{"embeddable":true,"href":"https:\/\/www.lojafare.com.br\/index.php?rest_route=\/wp\/v2\/media\/2164"}],"wp:attachment":[{"href":"https:\/\/www.lojafare.com.br\/index.php?rest_route=%2Fwp%2Fv2%2Fmedia&parent=2162"}],"wp:term":[{"taxonomy":"product_cat","embeddable":true,"href":"https:\/\/www.lojafare.com.br\/index.php?rest_route=%2Fwp%2Fv2%2Fproduct_cat&post=2162"},{"taxonomy":"product_tag","embeddable":true,"href":"https:\/\/www.lojafare.com.br\/index.php?rest_route=%2Fwp%2Fv2%2Fproduct_tag&post=2162"}],"curies":[{"name":"wp","href":"https:\/\/api.w.org\/{rel}","templated":true}]}}