{"id":2188,"date":"2024-03-11T20:24:17","date_gmt":"2024-03-11T23:24:17","guid":{"rendered":"https:\/\/www.lojafare.com.br\/?post_type=product&#038;p=2188"},"modified":"2024-03-11T20:24:17","modified_gmt":"2024-03-11T23:24:17","slug":"mascara-jersey-comfort-preta","status":"publish","type":"product","link":"https:\/\/www.lojafare.com.br\/?product=mascara-jersey-comfort-preta","title":{"rendered":"M\u00e1scara jersey comfort Preta"},"content":{"rendered":"<p style=\"font-weight: 400;\"><b>Marca \/ Fabricante: <\/b><span style=\"font-weight: 400;\">Feasso <\/span><span style=\"font-weight: 400;\"><br \/>\n<\/span><b>C\u00f3digo\/Sku: <\/b><span style=\"font-weight: 400;\">741<\/span><span style=\"font-weight: 400;\"><br \/>\n<\/span><b>C\u00f3digo de barra:\u00a0 <\/b><span style=\"font-weight: 400;\">6972547363044 <\/span><span style=\"font-weight: 400;\"><br \/>\n<\/span><b>Modelo<\/b><span style=\"font-weight: 400;\">: FJA-123 M\u00e1scara jersey comfort\u00a0<\/span><\/p>\n<p style=\"font-weight: 400;\"><b>Cor:<\/b> <span style=\"font-weight: 400;\">Preta <\/span><span style=\"font-weight: 400;\"><br \/>\n<\/span><b>Caracter\u00edstica: <\/b><b><br \/>\n<\/b><span style=\"font-weight: 400;\">Buscando oferecer produtos cada vez mais incr\u00edveis para o meio t\u00e1tico, a Feasso apresenta a M\u00e1scara de Airsoft Jersey Comfort, um produto de alta qualidade, feito para oferecer toda a resist\u00eancia, conforto e prote\u00e7\u00e3o que voc\u00ea precisa.<\/span><\/p>\n<p style=\"font-weight: 400;\"><span style=\"font-weight: 400;\">Projetada para resistir ao seu dia a dia t\u00e1tico e proporcionar prote\u00e7\u00e3o em qualquer situa\u00e7\u00e3o, o modelo da Feasso utiliza mat\u00e9ria prima de alta qualidade em sua fabrica\u00e7\u00e3o, sendo confeccionado em Nylon.<\/span><span style=\"font-weight: 400;\"><br \/>\n<\/span><span style=\"font-weight: 400;\"><br \/>\n<\/span><b>Material<\/b><span style=\"font-weight: 400;\">: Nylon | Revestimento &#8211; Espuma pack 10mm | Tela &#8211; Metal<\/span><\/p>\n<p style=\"font-weight: 400;\"><span style=\"font-weight: 400;\">Caracter\u00edsticas: Design anat\u00f4mico, confort\u00e1vel e leve | Banda el\u00e1stica com tiras ajust\u00e1veis<\/span><\/p>\n<p style=\"font-weight: 400;\"><b>Peso do produto<\/b><span style=\"font-weight: 400;\">: 88g<\/span><\/p>\n<p style=\"font-weight: 400;\"><b>Peso com embalagem<\/b><span style=\"font-weight: 400;\">: 107g<\/span><span style=\"font-weight: 400;\"><br \/>\n<\/span><b>Dimens\u00f5es aproximadas do produto<\/b><span style=\"font-weight: 400;\"> (A x C x L): 25 cm x 15 cm x 10,5 cm<\/span><span style=\"font-weight: 400;\"><br \/>\n<\/span><b>Dimens\u00f5es com embalagem <\/b><span style=\"font-weight: 400;\">(A x C x L): 33,5 cm x 24,5 cm x 8 cm<\/span><span style=\"font-weight: 400;\"><br \/>\n<\/span><span style=\"font-weight: 400;\"><br \/>\n<\/span><b>ATEN\u00c7\u00c3O: Este produto n\u00e3o \u00e9 indicado para menores de 10 anos<\/b><\/p>\n<p style=\"font-weight: 400;\"><span style=\"font-weight: 400;\">Fabricado na China<\/span><\/p>\n<p style=\"font-weight: 400;\"><span style=\"font-weight: 400;\">Importado: Por Grupo Feasso Brasil\/Eletr\u00f4nicos<\/span><span style=\"font-weight: 400;\"><br \/>\n<\/span><span style=\"font-weight: 400;\">Validade: Indeterminada<\/span><\/p>\n","protected":false},"excerpt":{"rendered":"<p>Marca \/ Fabricante: Feasso C\u00f3digo\/Sku: 741 C\u00f3digo de barra:\u00a0 6972547363044 Modelo: FJA-123 M\u00e1scara jersey comfort\u00a0 Cor: Preta Caracter\u00edstica: Buscando oferecer produtos cada vez mais incr\u00edveis para o meio t\u00e1tico, a Feasso apresenta a M\u00e1scara de Airsoft Jersey Comfort, um produto de alta qualidade, feito para oferecer toda a resist\u00eancia, conforto e prote\u00e7\u00e3o que voc\u00ea precisa. [&#8230;]\n","protected":false},"featured_media":2189,"comment_status":"open","ping_status":"closed","template":"","meta":{"_joinchat":[]},"product_cat":[55],"product_tag":[],"class_list":{"0":"post-2188","1":"product","2":"type-product","3":"status-publish","4":"has-post-thumbnail","6":"product_cat-protecao-facial","8":"first","9":"instock","10":"shipping-taxable","11":"purchasable","12":"product-type-simple"},"jetpack_sharing_enabled":true,"_links":{"self":[{"href":"https:\/\/www.lojafare.com.br\/index.php?rest_route=\/wp\/v2\/product\/2188","targetHints":{"allow":["GET"]}}],"collection":[{"href":"https:\/\/www.lojafare.com.br\/index.php?rest_route=\/wp\/v2\/product"}],"about":[{"href":"https:\/\/www.lojafare.com.br\/index.php?rest_route=\/wp\/v2\/types\/product"}],"replies":[{"embeddable":true,"href":"https:\/\/www.lojafare.com.br\/index.php?rest_route=%2Fwp%2Fv2%2Fcomments&post=2188"}],"wp:featuredmedia":[{"embeddable":true,"href":"https:\/\/www.lojafare.com.br\/index.php?rest_route=\/wp\/v2\/media\/2189"}],"wp:attachment":[{"href":"https:\/\/www.lojafare.com.br\/index.php?rest_route=%2Fwp%2Fv2%2Fmedia&parent=2188"}],"wp:term":[{"taxonomy":"product_cat","embeddable":true,"href":"https:\/\/www.lojafare.com.br\/index.php?rest_route=%2Fwp%2Fv2%2Fproduct_cat&post=2188"},{"taxonomy":"product_tag","embeddable":true,"href":"https:\/\/www.lojafare.com.br\/index.php?rest_route=%2Fwp%2Fv2%2Fproduct_tag&post=2188"}],"curies":[{"name":"wp","href":"https:\/\/api.w.org\/{rel}","templated":true}]}}