{"id":230,"date":"2024-01-20T19:15:22","date_gmt":"2024-01-20T22:15:22","guid":{"rendered":"https:\/\/www.lojafare.com.br\/?post_type=product&#038;p=230"},"modified":"2024-01-22T15:04:25","modified_gmt":"2024-01-22T18:04:25","slug":"mascara-airsoft-mod-confort-c-protecao-orelha-tan","status":"publish","type":"product","link":"https:\/\/www.lojafare.com.br\/?product=mascara-airsoft-mod-confort-c-protecao-orelha-tan","title":{"rendered":"M\u00e1scara Airsoft Mod. Confort c\/ Prote\u00e7\u00e3o Orelha &#8211; TAN"},"content":{"rendered":"<h2 class=\"SectionTitle__title___Mc+hH\">Descri\u00e7\u00e3o do Produto<\/h2>\n<div class=\"ProductDescription__description___bly+m\">\n<p data-testid=\"paragraph\">DESCRI\u00c7\u00c3O M\u00c1SCARA MEIA FACE CONFORT COM PROTE\u00c7\u00c3O DE ORELHA<\/p>\n<p data-testid=\"paragraph\">&#8212;&#8212;&#8212;&#8212;&#8212;&#8212;&#8212;&#8212;&#8212;&#8212;&#8212;&#8212;&#8212;&#8212;&#8212;&#8212;&#8212;&#8212;&#8212;&#8212;&#8212;&#8212;<\/p>\n<p data-testid=\"paragraph\">A m\u00e1scara T\u00e1tica Militar de Meia Face Confort com prote\u00e7\u00e3o de orelha oferece uma excelente prote\u00e7\u00e3o contra amea\u00e7as bal\u00edsticas e ambientais . Possui design arrojado constru\u00eddo em tela de metal de alta resist\u00eancia, al\u00e7a com regulagem para melhor adapta\u00e7\u00e3o e fixa\u00e7\u00e3o ao rosto e totalmente respir\u00e1vel, abrange desde o nariz, queixo e orelhas.<\/p>\n<p data-testid=\"paragraph\">Pode ser utilizado com todos os modelos de capacetes e \u00d3culos de Prote\u00e7\u00e3o.<\/p>\n<p data-testid=\"paragraph\">Sua prote\u00e7\u00e3o de orelha em tecido lhe proporciona um melhor conforto podendo ser usada em um grande espa\u00e7o de tempo sem incomodar .<\/p>\n<p data-testid=\"paragraph\">&#8212;&#8212;&#8212;&#8212;&#8212;&#8212;&#8212;&#8212;&#8212;&#8212;&#8212;&#8212;&#8212;&#8212;&#8212;&#8212;&#8212;&#8212;&#8212;&#8212;&#8212;&#8212;<\/p>\n<p data-testid=\"paragraph\">DESCRI\u00c7\u00c3O T\u00c9CNICA<\/p>\n<p data-testid=\"paragraph\">&#8212;&#8212;&#8212;&#8212;&#8212;&#8212;&#8212;&#8212;&#8212;&#8212;&#8212;&#8212;&#8212;&#8212;&#8212;&#8212;&#8212;&#8212;&#8212;&#8212;&#8212;&#8212;<\/p>\n<p data-testid=\"paragraph\">&#8211; Cores Disponiveis : Preto<\/p>\n<p data-testid=\"paragraph\">-100% Novo!!!<\/p>\n<p data-testid=\"paragraph\">-Material:. Tela de metal de alta resist\u00eancia<\/p>\n<p data-testid=\"paragraph\">&#8211; Correia: NYLON 60%, POLIESTER 20%, BORRACHA 20%<\/p>\n<p data-testid=\"paragraph\">&#8211; Sistema de fechamento com tiras el\u00e1sticas ajust\u00e1veis<\/p>\n<p data-testid=\"paragraph\">&#8211; Aplica\u00e7\u00e3o: Airsoft , Paintiball.<\/p>\n<p data-testid=\"paragraph\">&#8211; Peso: 150g<\/p>\n<p data-testid=\"paragraph\">&#8211; Dimens\u00f5es: 29cm ( Largura ) x 15 cm de Altura<\/p>\n<p data-testid=\"paragraph\">Caracter\u00edsticas:<\/p>\n<p data-testid=\"paragraph\">&#8211; 2 Al\u00e7as de cabe\u00e7a ajust\u00e1vel com sistema de velcro para melhor ader\u00eancia<\/p>\n<p data-testid=\"paragraph\">&#8211; Peso Super Leve<\/p>\n<p data-testid=\"paragraph\">Peso bruto do produto:\u00a00,102\u00a0kg<\/p>\n<\/div>\n","protected":false},"excerpt":{"rendered":"<p>Descri\u00e7\u00e3o do Produto DESCRI\u00c7\u00c3O M\u00c1SCARA MEIA FACE CONFORT COM PROTE\u00c7\u00c3O DE ORELHA &#8212;&#8212;&#8212;&#8212;&#8212;&#8212;&#8212;&#8212;&#8212;&#8212;&#8212;&#8212;&#8212;&#8212;&#8212;&#8212;&#8212;&#8212;&#8212;&#8212;&#8212;&#8212; A m\u00e1scara T\u00e1tica Militar de Meia Face Confort com prote\u00e7\u00e3o de orelha oferece uma excelente prote\u00e7\u00e3o contra amea\u00e7as bal\u00edsticas e ambientais . Possui design arrojado constru\u00eddo em tela de metal de alta resist\u00eancia, al\u00e7a com regulagem para melhor adapta\u00e7\u00e3o e fixa\u00e7\u00e3o ao [&#8230;]\n","protected":false},"featured_media":231,"comment_status":"open","ping_status":"closed","template":"","meta":{"_joinchat":[]},"product_cat":[55],"product_tag":[],"class_list":{"0":"post-230","1":"product","2":"type-product","3":"status-publish","4":"has-post-thumbnail","6":"product_cat-protecao-facial","8":"first","9":"instock","10":"shipping-taxable","11":"purchasable","12":"product-type-simple"},"jetpack_sharing_enabled":true,"_links":{"self":[{"href":"https:\/\/www.lojafare.com.br\/index.php?rest_route=\/wp\/v2\/product\/230","targetHints":{"allow":["GET"]}}],"collection":[{"href":"https:\/\/www.lojafare.com.br\/index.php?rest_route=\/wp\/v2\/product"}],"about":[{"href":"https:\/\/www.lojafare.com.br\/index.php?rest_route=\/wp\/v2\/types\/product"}],"replies":[{"embeddable":true,"href":"https:\/\/www.lojafare.com.br\/index.php?rest_route=%2Fwp%2Fv2%2Fcomments&post=230"}],"wp:featuredmedia":[{"embeddable":true,"href":"https:\/\/www.lojafare.com.br\/index.php?rest_route=\/wp\/v2\/media\/231"}],"wp:attachment":[{"href":"https:\/\/www.lojafare.com.br\/index.php?rest_route=%2Fwp%2Fv2%2Fmedia&parent=230"}],"wp:term":[{"taxonomy":"product_cat","embeddable":true,"href":"https:\/\/www.lojafare.com.br\/index.php?rest_route=%2Fwp%2Fv2%2Fproduct_cat&post=230"},{"taxonomy":"product_tag","embeddable":true,"href":"https:\/\/www.lojafare.com.br\/index.php?rest_route=%2Fwp%2Fv2%2Fproduct_tag&post=230"}],"curies":[{"name":"wp","href":"https:\/\/api.w.org\/{rel}","templated":true}]}}