{"id":403,"date":"2024-01-22T16:33:29","date_gmt":"2024-01-22T19:33:29","guid":{"rendered":"https:\/\/www.lojafare.com.br\/?post_type=product&#038;p=403"},"modified":"2024-01-22T16:34:20","modified_gmt":"2024-01-22T19:34:20","slug":"fardamento-calca-e-combat-shirt-multicam","status":"publish","type":"product","link":"https:\/\/www.lojafare.com.br\/?product=fardamento-calca-e-combat-shirt-multicam","title":{"rendered":"FARDAMENTO CAL\u00c7A E COMBAT SHIRT MULTICAM"},"content":{"rendered":"<p>Pode ser utilizado em diversas situa\u00e7\u00f5es. Em a\u00e7\u00f5es t\u00e1ticas, camping, militaria, esportes radicais, airsoft, paintball, pr\u00e1tica de tiro, aventura, escaladas, entre outros.<\/p>\n<p><strong>COMBAT SHIRT:<\/strong>\u00a0Tecido em Rip Stop profissional militar nas mangas e gola. Malha pv super no peito e costas. Reguladores de tamanho no pulso. Possui 02 (dois) bolsos para fixa\u00e7\u00e3o de &#8220;patches&#8221;.<\/p>\n<p><strong>CAL\u00c7A:<\/strong>\u00a0Tecido em Rip Stop profissional militar com 02 Bolsos traseiros com fecho de contato, 02 Bolsos laterais, tipo cargo e 02 Bolsos internos. Fechamento por z\u00edper e bot\u00e3o. Refor\u00e7o duplo com 5 costuras no &#8220;cavalo&#8221; tamb\u00e9m em rip stop e Refor\u00e7o duplo em &#8220;X&#8221; nos joelhos.<\/p>\n<p><strong>Acess\u00f3rios n\u00e3o acompanham o produto\u00a0<\/strong><\/p>\n<p><strong>As Camuflagens podem sofrer varia\u00e7\u00f5es de cor devido as fotos serem influenciadas \u00a0pelo tipo de equipamento e resolu\u00e7\u00e3o do monitor. Qualquer \u00a0 d\u00favida entre em contato conosco<\/strong><\/p>\n","protected":false},"excerpt":{"rendered":"<p>Pode ser utilizado em diversas situa\u00e7\u00f5es. Em a\u00e7\u00f5es t\u00e1ticas, camping, militaria, esportes radicais, airsoft, paintball, pr\u00e1tica de tiro, aventura, escaladas, entre outros. COMBAT SHIRT:\u00a0Tecido em Rip Stop profissional militar nas mangas e gola. Malha pv super no peito e costas. Reguladores de tamanho no pulso. Possui 02 (dois) bolsos para fixa\u00e7\u00e3o de &#8220;patches&#8221;. CAL\u00c7A:\u00a0Tecido em [&#8230;]\n","protected":false},"featured_media":404,"comment_status":"open","ping_status":"closed","template":"","meta":{"_joinchat":[]},"product_cat":[44],"product_tag":[],"class_list":{"0":"post-403","1":"product","2":"type-product","3":"status-publish","4":"has-post-thumbnail","6":"product_cat-fardas-e-uniformes","8":"first","9":"instock","10":"shipping-taxable","11":"purchasable","12":"product-type-simple"},"jetpack_sharing_enabled":true,"_links":{"self":[{"href":"https:\/\/www.lojafare.com.br\/index.php?rest_route=\/wp\/v2\/product\/403","targetHints":{"allow":["GET"]}}],"collection":[{"href":"https:\/\/www.lojafare.com.br\/index.php?rest_route=\/wp\/v2\/product"}],"about":[{"href":"https:\/\/www.lojafare.com.br\/index.php?rest_route=\/wp\/v2\/types\/product"}],"replies":[{"embeddable":true,"href":"https:\/\/www.lojafare.com.br\/index.php?rest_route=%2Fwp%2Fv2%2Fcomments&post=403"}],"wp:featuredmedia":[{"embeddable":true,"href":"https:\/\/www.lojafare.com.br\/index.php?rest_route=\/wp\/v2\/media\/404"}],"wp:attachment":[{"href":"https:\/\/www.lojafare.com.br\/index.php?rest_route=%2Fwp%2Fv2%2Fmedia&parent=403"}],"wp:term":[{"taxonomy":"product_cat","embeddable":true,"href":"https:\/\/www.lojafare.com.br\/index.php?rest_route=%2Fwp%2Fv2%2Fproduct_cat&post=403"},{"taxonomy":"product_tag","embeddable":true,"href":"https:\/\/www.lojafare.com.br\/index.php?rest_route=%2Fwp%2Fv2%2Fproduct_tag&post=403"}],"curies":[{"name":"wp","href":"https:\/\/api.w.org\/{rel}","templated":true}]}}