{"id":473,"date":"2024-01-22T23:16:08","date_gmt":"2024-01-23T02:16:08","guid":{"rendered":"https:\/\/www.lojafare.com.br\/?post_type=product&#038;p=473"},"modified":"2024-01-22T23:16:09","modified_gmt":"2024-01-23T02:16:09","slug":"mascara-airsoft-telada-verde-camuflado","status":"publish","type":"product","link":"https:\/\/www.lojafare.com.br\/?product=mascara-airsoft-telada-verde-camuflado","title":{"rendered":"M\u00e1scara Airsoft Telada Verde Camuflado"},"content":{"rendered":"<p><span style=\"font-family: Arial;\"><b>FJA -120\u00a0 Mascara Tela Meia Face &#8211; Verde Camuflado &#8211; SKU 616<br \/>\n<\/b><\/span><br \/>\nFJA -120 M\u00e1scara meia face de prote\u00e7\u00e3o com tela em fio de a\u00e7o de alta qualidade, acess\u00f3rio para pratica esportiva feito para proteger a regi\u00e3o do nariz, bochechas, boca e queixo, com acabamento em vi\u00e9s de 50%algod\u00e3o, 50%pet proporcionando encaixe confort\u00e1vel a face, malha respir\u00e1vel, permitindo que o ar flua atrav\u00e9s dos nichos da tela, sua fixa\u00e7\u00e3o se d\u00e1 por meio de cinta flex\u00edvel: duas nas laterais e uma central na parte de tr\u00e1s, ajust\u00e1vel por fivelas.<\/p>\n<div><span style=\"font-family: Arial;\">Proporcionando maior seguran\u00e7a, altamente resistente h\u00e1 disparos de\u00a0 BBs com (alto FPS).<\/span><\/div>\n<div><span style=\"font-family: Arial;\">Compat\u00edvel com todas as marcas \u201cgoggles\u201d &#8211; \u00f3culos de prote\u00e7\u00e3o, capacete e \u201cHead Set\u201d fone de ouvido<\/span><\/div>\n<div><span style=\"font-family: Arial;\">\u00a0<\/span><\/div>\n<div><span style=\"font-family: Arial;\">F\u00e1cil de usar, perfeito para atividades Outdoor ao ar livre, indicado para esportes de a\u00e7\u00e3o:\u00a0 Airsoft, Paintball, Ca\u00e7a, H\u00f3quei entre outras atividades que seja necess\u00e1rio mascaras protetoras de face.<\/span><\/div>\n<div><span style=\"font-family: Arial;\">\u00a0<\/span><\/div>\n<div><span style=\"font-family: Arial;\">Tamanho: \u00danico<\/span><\/div>\n<div><span style=\"font-family: Arial;\">Cor : Verde Camuflado<\/span><\/div>\n<div><span style=\"font-family: Arial;\">616<\/span><\/div>\n<div><span style=\"font-family: Arial;\">Peso com embalagem: 126g<\/span><\/div>\n<div><span style=\"font-family: Arial;\">Dimens\u00f5es aproximadas do Produto: 20x16x12 cm<\/span><\/div>\n<div><span style=\"font-family: Arial;\">\u00a0<\/span><\/div>\n<div><img decoding=\"async\" src=\"https:\/\/feasso.com.br\/image\/catalog\/icones\/atencao-mini01.png\" \/><span style=\"font-family: Arial;\"><b>ATEN\u00c7\u00c3O:<\/b>\u00a0Este produto n\u00e3o \u00e9 indicado para menores de 10 anos<\/span><\/div>\n<div><span style=\"font-family: Arial;\">\u00a0<\/span><\/div>\n<div><span style=\"font-family: Arial;\">Fabricado na China<\/span><\/div>\n<div><span style=\"font-family: Arial;\">Importado: Por Grupo Feasso Brasil\/Eletr\u00f4nicos<\/span><\/div>\n<div><span style=\"font-family: Arial;\">Validade: Indeterminado<\/span><\/div>\n<div><\/div>\n<div><b>Garantia 6 meses<\/b><\/div>\n","protected":false},"excerpt":{"rendered":"<p>FJA -120\u00a0 Mascara Tela Meia Face &#8211; Verde Camuflado &#8211; SKU 616 FJA -120 M\u00e1scara meia face de prote\u00e7\u00e3o com tela em fio de a\u00e7o de alta qualidade, acess\u00f3rio para pratica esportiva feito para proteger a regi\u00e3o do nariz, bochechas, boca e queixo, com acabamento em vi\u00e9s de 50%algod\u00e3o, 50%pet proporcionando encaixe confort\u00e1vel a face, [&#8230;]\n","protected":false},"featured_media":474,"comment_status":"open","ping_status":"closed","template":"","meta":{"_joinchat":[]},"product_cat":[55],"product_tag":[],"class_list":{"0":"post-473","1":"product","2":"type-product","3":"status-publish","4":"has-post-thumbnail","6":"product_cat-protecao-facial","8":"first","9":"instock","10":"shipping-taxable","11":"purchasable","12":"product-type-simple"},"jetpack_sharing_enabled":true,"_links":{"self":[{"href":"https:\/\/www.lojafare.com.br\/index.php?rest_route=\/wp\/v2\/product\/473","targetHints":{"allow":["GET"]}}],"collection":[{"href":"https:\/\/www.lojafare.com.br\/index.php?rest_route=\/wp\/v2\/product"}],"about":[{"href":"https:\/\/www.lojafare.com.br\/index.php?rest_route=\/wp\/v2\/types\/product"}],"replies":[{"embeddable":true,"href":"https:\/\/www.lojafare.com.br\/index.php?rest_route=%2Fwp%2Fv2%2Fcomments&post=473"}],"wp:featuredmedia":[{"embeddable":true,"href":"https:\/\/www.lojafare.com.br\/index.php?rest_route=\/wp\/v2\/media\/474"}],"wp:attachment":[{"href":"https:\/\/www.lojafare.com.br\/index.php?rest_route=%2Fwp%2Fv2%2Fmedia&parent=473"}],"wp:term":[{"taxonomy":"product_cat","embeddable":true,"href":"https:\/\/www.lojafare.com.br\/index.php?rest_route=%2Fwp%2Fv2%2Fproduct_cat&post=473"},{"taxonomy":"product_tag","embeddable":true,"href":"https:\/\/www.lojafare.com.br\/index.php?rest_route=%2Fwp%2Fv2%2Fproduct_tag&post=473"}],"curies":[{"name":"wp","href":"https:\/\/api.w.org\/{rel}","templated":true}]}}