{"id":529,"date":"2024-01-23T16:25:17","date_gmt":"2024-01-23T19:25:17","guid":{"rendered":"https:\/\/www.lojafare.com.br\/?post_type=product&#038;p=529"},"modified":"2024-02-06T11:55:27","modified_gmt":"2024-02-06T14:55:27","slug":"molas-aeg-m125-kpp-2","status":"publish","type":"product","link":"https:\/\/www.lojafare.com.br\/?product=molas-aeg-m125-kpp-2","title":{"rendered":"Molas Aeg M125 KPP"},"content":{"rendered":"<section class=\"product-description-section block-section\">\n<div class=\"section-content\">\n<div class=\"product-description \">\n<div class=\"rte-content\">\n<p>S\u00f3 a maior f\u00e1brica de pe\u00e7as e componentes para o Airsoft da Am\u00e9rica Latina, pode lhe entregar a melhor! A Mola Aeg da KPP \u00e9 projetada para requerer o menor esfor\u00e7o de todos os componentes de sua gearbox e mesmo assim, atingir o FPS indicado. Mola fabricada com o sistema de Passo Duplo, ou seja, uma mola n\u00e3o-linear que facilita o trabalho do seu motor. Quanto ao material? Sim, utilizamos um a\u00e7o especial na fabrica\u00e7\u00e3o de nossas molas, que fazem com que ela n\u00e3o encolha com o passar do tempo, ou seja, ela n\u00e3o perde FPS mesmo depois de muitos disparos, ela sempre tem a mesma dimens\u00e3o e carga. Para finalizar, inclu\u00edmos um processo de t\u00eampera especial, deixando a mola macia, leve e com a carga correta, gerando o Fps indicado.<\/p>\n<h2>Op\u00e7\u00f5es Dispon\u00edveis:<\/h2>\n<ul>\n<li>Mola N\u00e3o Linear M100 (330 FPS);<\/li>\n<li>Mola N\u00e3o Linear M110 (360 FPS);<\/li>\n<li>Mola N\u00e3o Linear M115 (380 FPS);<\/li>\n<li>Mola N\u00e3o Linear M120 (395 FPS);<\/li>\n<li>Mola N\u00e3o Linear M125 (410 FPS);<\/li>\n<li>Mola N\u00e3o Linear M130 (425 FPS);<\/li>\n<li>Mola N\u00e3o Linear M140 (460 FPS);<\/li>\n<li>Mola N\u00e3o Linear M150 (500 FPS);<\/li>\n<li>Mola Linear M170 (550 FPS).<\/li>\n<\/ul>\n<p>Produto 100% nacional.<\/p>\n<h2>Montagem<\/h2>\n<p>A montagem deste item requer o desmonte completo da gearbox e a correta remontagem da mesma. Verifique sempre a veda\u00e7\u00e3o, pois uma gearbox com vazamentos, gera menos fps. Cuidado ao desmontar estes itens, a Mola sempre tem press\u00e3o acumulada, o que pode lhe machucar.<\/p>\n<p>Dificuldade:<br \/>\n<strong class=\"text-warning\">05\/10 &#8211; Montagem requer aten\u00e7\u00e3o, o jogador precisa ter familiaridade com componentes e certa habilidade manual. Na d\u00favida, pe\u00e7a para um armeiro fazer a montagem do componente.<\/strong><\/p>\n<h2>Condi\u00e7\u00f5es de Garantia:<\/h2>\n<ul>\n<li>90 dias contra defeitos de fabrica\u00e7\u00e3o.<\/li>\n<li>N\u00e3o cobrimos garantias de pe\u00e7as montadas por pessoas que n\u00e3o tem conhecimento t\u00e9cnico para tal, ou ainda em airsofts n\u00e3o compat\u00edveis com as pe\u00e7as em quest\u00e3o.<\/li>\n<\/ul>\n<\/div>\n<\/div>\n<\/div>\n<\/section>\n<section id=\"product-details-wrapper\" class=\"product-details-section block-section \">\n<h4 class=\"section-title\">Caracter\u00edsticas<\/h4>\n<div class=\"section-content\">\n<div id=\"product-details\" class=\"clearfix js-product-details\" style=\"box-sizing: border-box;\" data-product=\"{&quot;id_shop_default&quot;:&quot;1&quot;,&quot;id_manufacturer&quot;:&quot;0&quot;,&quot;id_supplier&quot;:&quot;0&quot;,&quot;reference&quot;:&quot;&quot;,&quot;is_virtual&quot;:&quot;0&quot;,&quot;delivery_in_stock&quot;:&quot;&quot;,&quot;delivery_out_stock&quot;:&quot;&quot;,&quot;id_category_default&quot;:&quot;2&quot;,&quot;on_sale&quot;:&quot;0&quot;,&quot;online_only&quot;:&quot;0&quot;,&quot;ecotax&quot;:0,&quot;minimal_quantity&quot;:&quot;1&quot;,&quot;low_stock_threshold&quot;:null,&quot;low_stock_alert&quot;:&quot;0&quot;,&quot;price&quot;:&quot;R$u00a044,90&quot;,&quot;unity&quot;:&quot;pu00e7&quot;,&quot;unit_price_ratio&quot;:&quot;0.000000&quot;,&quot;additional_shipping_cost&quot;:&quot;0.000000&quot;,&quot;customizable&quot;:&quot;0&quot;,&quot;text_fields&quot;:&quot;0&quot;,&quot;uploadable_files&quot;:&quot;0&quot;,&quot;redirect_type&quot;:&quot;404&quot;,&quot;id_type_redirected&quot;:&quot;0&quot;,&quot;available_for_order&quot;:&quot;1&quot;,&quot;available_date&quot;:null,&quot;show_condition&quot;:&quot;0&quot;,&quot;condition&quot;:&quot;new&quot;,&quot;show_price&quot;:&quot;1&quot;,&quot;indexed&quot;:&quot;1&quot;,&quot;visibility&quot;:&quot;both&quot;,&quot;cache_default_attribute&quot;:&quot;76160&quot;,&quot;advanced_stock_management&quot;:&quot;0&quot;,&quot;date_add&quot;:&quot;2023-06-05 15:20:23&quot;,&quot;date_upd&quot;:&quot;2023-11-07 15:38:35&quot;,&quot;pack_stock_type&quot;:&quot;0&quot;,&quot;meta_description&quot;:&quot;A mola AEG KPP u00e9 fabricada em au00e7o mola SAE 1070 para AEG. Sujeita a diferenu00e7as de potu00eancias, que ocorrem com problemas com fuga de pressu00e3o.&quot;,&quot;meta_keywords&quot;:&quot;&quot;,&quot;meta_title&quot;:&quot;&quot;,&quot;link_rewrite&quot;:&quot;molas-aeg-kpp-airsoft&quot;,&quot;name&quot;:&quot;Molas Aeg - KPP AIRSOFT&quot;,&quot;description&quot;:&quot;&lt;div class=&quot;row&quot; style=&quot;font-size:16px;&quot;&gt;n&lt;div class=&quot;card bg-warning p-3 ml-3 mb-3&quot;&gt;n&lt;p style=&quot;font-size:18px;&quot;&gt;&lt;strong class=&quot;mt-3 mb-2 text-light&quot;&gt;Compatibilidade: Gearbox v2, v3 e semelhantes&lt;\/strong&gt;&lt;\/p&gt;n&lt;\/div&gt;n&lt;\/div&gt;n&lt;p style=&quot;font-size:16px;&quot;&gt;Su00f3 a maior fu00e1brica de peu00e7as e componentes para o Airsoft da Amu00e9rica Latina, pode lhe entregar a melhor! A Mola Aeg da KPP u00e9 projetada para requerer o menor esforu00e7o de todos os componentes de sua gearbox e mesmo assim, atingir o FPS indicado. Mola fabricada com o sistema de Passo Duplo, ou seja, uma mola nu00e3o-linear que facilita o trabalho do seu motor. Quanto ao material? Sim, utilizamos um au00e7o especial na fabricau00e7u00e3o de nossas molas, que fazem com que ela nu00e3o encolha com o passar do tempo, ou seja, ela nu00e3o perde FPS mesmo depois de muitos disparos, ela sempre tem a mesma dimensu00e3o e carga. Para finalizar, incluu00edmos um processo de tu00eampera especial, deixando a mola macia, leve e com a carga correta, gerando o Fps indicado.&lt;\/p&gt;n&lt;h2&gt;Opu00e7u00f5es Disponu00edveis:&lt;\/h2&gt;n&lt;ul&gt;n&lt;li&gt;Mola Nu00e3o Linear M100 (330 FPS);&lt;\/li&gt;n&lt;li&gt;Mola Nu00e3o Linear M110 (360 FPS);&lt;\/li&gt;n&lt;li&gt;Mola Nu00e3o Linear M115 (380 FPS);&lt;\/li&gt;n&lt;li&gt;Mola Nu00e3o Linear M120 (395 FPS);&lt;\/li&gt;n&lt;li&gt;Mola Nu00e3o Linear M125 (410 FPS);&lt;\/li&gt;n&lt;li&gt;Mola Nu00e3o Linear M130 (425 FPS);&lt;\/li&gt;n&lt;li&gt;Mola Nu00e3o Linear M140 (460 FPS);&lt;\/li&gt;n&lt;li&gt;Mola Nu00e3o Linear M150 (500 FPS);&lt;\/li&gt;n&lt;li&gt;Mola Linear M170 (550 FPS).&lt;\/li&gt;n&lt;\/ul&gt;n&lt;p style=&quot;font-size:16px;&quot;&gt;Produto 100% nacional.&lt;\/p&gt;n&lt;h2&gt;Montagem&lt;\/h2&gt;n&lt;p style=&quot;font-size:16px;&quot;&gt;A montagem deste item requer o desmonte completo da gearbox e a correta remontagem da mesma. Verifique sempre a vedau00e7u00e3o, pois uma gearbox com vazamentos, gera menos fps. Cuidado ao desmontar estes itens, a Mola sempre tem pressu00e3o acumulada, o que pode lhe machucar.&lt;br \/&gt;&lt;br \/&gt;Dificuldade:&lt;br \/&gt;&lt;strong class=&quot;text-warning&quot;&gt;05\/10 - Montagem requer atenu00e7u00e3o, o jogador precisa ter familiaridade com componentes e certa habilidade manual. Na du00favida, peu00e7a para um armeiro fazer a montagem do componente.&lt;\/strong&gt;&lt;\/p&gt;n&lt;h2&gt;Condiu00e7u00f5es de Garantia:&lt;\/h2&gt;n&lt;ul style=&quot;font-size:16px;&quot;&gt;n&lt;li&gt;90 dias contra defeitos de fabricau00e7u00e3o.&lt;\/li&gt;n&lt;li&gt;Nu00e3o cobrimos garantias de peu00e7as montadas por pessoas que nu00e3o tem conhecimento tu00e9cnico para tal, ou ainda em airsofts nu00e3o compatu00edveis com as peu00e7as em questu00e3o.&lt;\/li&gt;n&lt;\/ul&gt;&quot;,&quot;description_short&quot;:&quot;&lt;p&gt;A mola AEG KPP u00e9 fabricada em au00e7o mola SAE 1070 para AEG. Sujeita a diferenu00e7as de potu00eancias, que ocorrem com problemas com fuga de pressu00e3o.&lt;\/p&gt;&quot;,&quot;available_now&quot;:&quot;&quot;,&quot;available_later&quot;:&quot;&quot;,&quot;id&quot;:1177,&quot;id_product&quot;:1177,&quot;out_of_stock&quot;:2,&quot;new&quot;:0,&quot;id_product_attribute&quot;:76160,&quot;quantity_wanted&quot;:1,&quot;extraContent&quot;:[{&quot;title&quot;:&quot;&lt;span class=&quot;iqitreviews-title float-left&quot;&gt;Comentu00e1rios&lt;\/span&gt; &lt;span class=&quot;iqitreviews-nb&quot;&gt;(0)&lt;\/span&gt;&quot;,&quot;content&quot;:&quot;n&lt;div id=&quot;iqit-reviews&quot; class=&quot;mt-3&quot;&gt;nn &lt;div id=&quot;iqit-reviews-top&quot;&gt;n &lt;div class=&quot;row justify-content-between align-items-center&quot;&gt;nn &lt;div class=&quot;col mb-3&quot;&gt;n &lt;div id=&quot;iqitreviews-snippet&quot;&gt;No reviews&lt;\/div&gt;n &lt;\/div&gt;nn n &lt;\/div&gt; &lt;!-- \/ .row --&gt;n&lt;\/div&gt;&lt;!-- \/ #iqit-reviews-top --&gt;nnn&lt;div class=&quot;col-xs-12 alert alert-success hidden-xs-up&quot;n id=&quot;iqitreviews-productreview-form-success-alert&quot;&gt;n&lt;\/div&gt;nnnnnn&lt;\/div&gt;nn&quot;,&quot;attr&quot;:{&quot;id&quot;:&quot;iqit-reviews-tab&quot;,&quot;class&quot;:&quot;&quot;,&quot;data-iqitextra&quot;:&quot;iqit-reviews-tab&quot;},&quot;moduleName&quot;:&quot;iqitreviews&quot;}],&quot;allow_oosp&quot;:0,&quot;category&quot;:&quot;home&quot;,&quot;category_name&quot;:&quot;Home&quot;,&quot;link&quot;:&quot;https:\/\/www.kppairsoft.com.br\/home\/1177-molas-aeg-kpp-airsoft.html&quot;,&quot;attribute_price&quot;:0,&quot;price_tax_exc&quot;:44.9,&quot;price_without_reduction&quot;:44.9,&quot;reduction&quot;:0,&quot;specific_prices&quot;:false,&quot;quantity&quot;:204,&quot;quantity_all_versions&quot;:1251,&quot;id_image&quot;:&quot;br-default&quot;,&quot;features&quot;:[{&quot;name&quot;:&quot;Produto&quot;,&quot;value&quot;:&quot;Mola&quot;,&quot;id_feature&quot;:&quot;15&quot;,&quot;position&quot;:&quot;7&quot;},{&quot;name&quot;:&quot;Modelo da Arma&quot;,&quot;value&quot;:&quot;AEG &quot;,&quot;id_feature&quot;:&quot;16&quot;,&quot;position&quot;:&quot;8&quot;},{&quot;name&quot;:&quot;Material&quot;,&quot;value&quot;:&quot;Au00e7o SAE 1070&quot;,&quot;id_feature&quot;:&quot;28&quot;,&quot;position&quot;:&quot;19&quot;}],&quot;attachments&quot;:[],&quot;virtual&quot;:0,&quot;pack&quot;:0,&quot;packItems&quot;:[],&quot;nopackprice&quot;:0,&quot;customization_required&quot;:false,&quot;attributes&quot;:{&quot;58&quot;:{&quot;id_attribute&quot;:&quot;1869&quot;,&quot;id_attribute_group&quot;:&quot;58&quot;,&quot;name&quot;:&quot;M100 (330 FPS)&quot;,&quot;group&quot;:&quot;Velocidade&quot;,&quot;reference&quot;:&quot;02-002-008&quot;,&quot;ean13&quot;:&quot;9010109433433&quot;,&quot;isbn&quot;:&quot;&quot;,&quot;upc&quot;:&quot;&quot;,&quot;mpn&quot;:&quot;&quot;}},&quot;rate&quot;:0,&quot;tax_name&quot;:&quot;&quot;,&quot;ecotax_rate&quot;:0,&quot;unit_price&quot;:&quot;&quot;,&quot;customizations&quot;:{&quot;fields&quot;:[]},&quot;id_customization&quot;:0,&quot;is_customizable&quot;:false,&quot;show_quantities&quot;:false,&quot;quantity_label&quot;:&quot;Itens&quot;,&quot;quantity_discounts&quot;:[],&quot;customer_group_discount&quot;:0,&quot;images&quot;:[{&quot;bySize&quot;:{&quot;small_default&quot;:{&quot;url&quot;:&quot;https:\/\/www.kppairsoft.com.br\/12598-small_default\/molas-aeg-kpp-airsoft.jpg&quot;,&quot;width&quot;:80,&quot;height&quot;:60},&quot;cart_default&quot;:{&quot;url&quot;:&quot;https:\/\/www.kppairsoft.com.br\/12598-cart_default\/molas-aeg-kpp-airsoft.jpg&quot;,&quot;width&quot;:120,&quot;height&quot;:90},&quot;medium_default&quot;:{&quot;url&quot;:&quot;https:\/\/www.kppairsoft.com.br\/12598-medium_default\/molas-aeg-kpp-airsoft.jpg&quot;,&quot;width&quot;:205,&quot;height&quot;:153},&quot;home_default&quot;:{&quot;url&quot;:&quot;https:\/\/www.kppairsoft.com.br\/12598-home_default\/molas-aeg-kpp-airsoft.jpg&quot;,&quot;width&quot;:256,&quot;height&quot;:192},&quot;large_default&quot;:{&quot;url&quot;:&quot;https:\/\/www.kppairsoft.com.br\/12598-large_default\/molas-aeg-kpp-airsoft.jpg&quot;,&quot;width&quot;:658,&quot;height&quot;:492},&quot;ngmercadolivre_default&quot;:{&quot;url&quot;:&quot;https:\/\/www.kppairsoft.com.br\/12598-ngmercadolivre_default\/molas-aeg-kpp-airsoft.jpg&quot;,&quot;width&quot;:800,&quot;height&quot;:800},&quot;thickbox_default&quot;:{&quot;url&quot;:&quot;https:\/\/www.kppairsoft.com.br\/12598-thickbox_default\/molas-aeg-kpp-airsoft.jpg&quot;,&quot;width&quot;:1200,&quot;height&quot;:900}},&quot;small&quot;:{&quot;url&quot;:&quot;https:\/\/www.kppairsoft.com.br\/12598-small_default\/molas-aeg-kpp-airsoft.jpg&quot;,&quot;width&quot;:80,&quot;height&quot;:60},&quot;medium&quot;:{&quot;url&quot;:&quot;https:\/\/www.kppairsoft.com.br\/12598-home_default\/molas-aeg-kpp-airsoft.jpg&quot;,&quot;width&quot;:256,&quot;height&quot;:192},&quot;large&quot;:{&quot;url&quot;:&quot;https:\/\/www.kppairsoft.com.br\/12598-thickbox_default\/molas-aeg-kpp-airsoft.jpg&quot;,&quot;width&quot;:1200,&quot;height&quot;:900},&quot;legend&quot;:&quot;&quot;,&quot;id_image&quot;:&quot;12598&quot;,&quot;cover&quot;:null,&quot;position&quot;:&quot;1&quot;,&quot;associatedVariants&quot;:[&quot;76160&quot;]},{&quot;bySize&quot;:{&quot;small_default&quot;:{&quot;url&quot;:&quot;https:\/\/www.kppairsoft.com.br\/12599-small_default\/molas-aeg-kpp-airsoft.jpg&quot;,&quot;width&quot;:80,&quot;height&quot;:60},&quot;cart_default&quot;:{&quot;url&quot;:&quot;https:\/\/www.kppairsoft.com.br\/12599-cart_default\/molas-aeg-kpp-airsoft.jpg&quot;,&quot;width&quot;:120,&quot;height&quot;:90},&quot;medium_default&quot;:{&quot;url&quot;:&quot;https:\/\/www.kppairsoft.com.br\/12599-medium_default\/molas-aeg-kpp-airsoft.jpg&quot;,&quot;width&quot;:205,&quot;height&quot;:153},&quot;home_default&quot;:{&quot;url&quot;:&quot;https:\/\/www.kppairsoft.com.br\/12599-home_default\/molas-aeg-kpp-airsoft.jpg&quot;,&quot;width&quot;:256,&quot;height&quot;:192},&quot;large_default&quot;:{&quot;url&quot;:&quot;https:\/\/www.kppairsoft.com.br\/12599-large_default\/molas-aeg-kpp-airsoft.jpg&quot;,&quot;width&quot;:658,&quot;height&quot;:492},&quot;ngmercadolivre_default&quot;:{&quot;url&quot;:&quot;https:\/\/www.kppairsoft.com.br\/12599-ngmercadolivre_default\/molas-aeg-kpp-airsoft.jpg&quot;,&quot;width&quot;:800,&quot;height&quot;:800},&quot;thickbox_default&quot;:{&quot;url&quot;:&quot;https:\/\/www.kppairsoft.com.br\/12599-thickbox_default\/molas-aeg-kpp-airsoft.jpg&quot;,&quot;width&quot;:1200,&quot;height&quot;:900}},&quot;small&quot;:{&quot;url&quot;:&quot;https:\/\/www.kppairsoft.com.br\/12599-small_default\/molas-aeg-kpp-airsoft.jpg&quot;,&quot;width&quot;:80,&quot;height&quot;:60},&quot;medium&quot;:{&quot;url&quot;:&quot;https:\/\/www.kppairsoft.com.br\/12599-home_default\/molas-aeg-kpp-airsoft.jpg&quot;,&quot;width&quot;:256,&quot;height&quot;:192},&quot;large&quot;:{&quot;url&quot;:&quot;https:\/\/www.kppairsoft.com.br\/12599-thickbox_default\/molas-aeg-kpp-airsoft.jpg&quot;,&quot;width&quot;:1200,&quot;height&quot;:900},&quot;legend&quot;:&quot;&quot;,&quot;id_image&quot;:&quot;12599&quot;,&quot;cover&quot;:null,&quot;position&quot;:&quot;2&quot;,&quot;associatedVariants&quot;:[&quot;76160&quot;]},{&quot;bySize&quot;:{&quot;small_default&quot;:{&quot;url&quot;:&quot;https:\/\/www.kppairsoft.com.br\/12600-small_default\/molas-aeg-kpp-airsoft.jpg&quot;,&quot;width&quot;:80,&quot;height&quot;:60},&quot;cart_default&quot;:{&quot;url&quot;:&quot;https:\/\/www.kppairsoft.com.br\/12600-cart_default\/molas-aeg-kpp-airsoft.jpg&quot;,&quot;width&quot;:120,&quot;height&quot;:90},&quot;medium_default&quot;:{&quot;url&quot;:&quot;https:\/\/www.kppairsoft.com.br\/12600-medium_default\/molas-aeg-kpp-airsoft.jpg&quot;,&quot;width&quot;:205,&quot;height&quot;:153},&quot;home_default&quot;:{&quot;url&quot;:&quot;https:\/\/www.kppairsoft.com.br\/12600-home_default\/molas-aeg-kpp-airsoft.jpg&quot;,&quot;width&quot;:256,&quot;height&quot;:192},&quot;large_default&quot;:{&quot;url&quot;:&quot;https:\/\/www.kppairsoft.com.br\/12600-large_default\/molas-aeg-kpp-airsoft.jpg&quot;,&quot;width&quot;:658,&quot;height&quot;:492},&quot;ngmercadolivre_default&quot;:{&quot;url&quot;:&quot;https:\/\/www.kppairsoft.com.br\/12600-ngmercadolivre_default\/molas-aeg-kpp-airsoft.jpg&quot;,&quot;width&quot;:800,&quot;height&quot;:800},&quot;thickbox_default&quot;:{&quot;url&quot;:&quot;https:\/\/www.kppairsoft.com.br\/12600-thickbox_default\/molas-aeg-kpp-airsoft.jpg&quot;,&quot;width&quot;:1200,&quot;height&quot;:900}},&quot;small&quot;:{&quot;url&quot;:&quot;https:\/\/www.kppairsoft.com.br\/12600-small_default\/molas-aeg-kpp-airsoft.jpg&quot;,&quot;width&quot;:80,&quot;height&quot;:60},&quot;medium&quot;:{&quot;url&quot;:&quot;https:\/\/www.kppairsoft.com.br\/12600-home_default\/molas-aeg-kpp-airsoft.jpg&quot;,&quot;width&quot;:256,&quot;height&quot;:192},&quot;large&quot;:{&quot;url&quot;:&quot;https:\/\/www.kppairsoft.com.br\/12600-thickbox_default\/molas-aeg-kpp-airsoft.jpg&quot;,&quot;width&quot;:1200,&quot;height&quot;:900},&quot;legend&quot;:&quot;&quot;,&quot;id_image&quot;:&quot;12600&quot;,&quot;cover&quot;:null,&quot;position&quot;:&quot;3&quot;,&quot;associatedVariants&quot;:[&quot;76160&quot;]},{&quot;bySize&quot;:{&quot;small_default&quot;:{&quot;url&quot;:&quot;https:\/\/www.kppairsoft.com.br\/12734-small_default\/molas-aeg-kpp-airsoft.jpg&quot;,&quot;width&quot;:80,&quot;height&quot;:60},&quot;cart_default&quot;:{&quot;url&quot;:&quot;https:\/\/www.kppairsoft.com.br\/12734-cart_default\/molas-aeg-kpp-airsoft.jpg&quot;,&quot;width&quot;:120,&quot;height&quot;:90},&quot;medium_default&quot;:{&quot;url&quot;:&quot;https:\/\/www.kppairsoft.com.br\/12734-medium_default\/molas-aeg-kpp-airsoft.jpg&quot;,&quot;width&quot;:205,&quot;height&quot;:153},&quot;home_default&quot;:{&quot;url&quot;:&quot;https:\/\/www.kppairsoft.com.br\/12734-home_default\/molas-aeg-kpp-airsoft.jpg&quot;,&quot;width&quot;:256,&quot;height&quot;:192},&quot;large_default&quot;:{&quot;url&quot;:&quot;https:\/\/www.kppairsoft.com.br\/12734-large_default\/molas-aeg-kpp-airsoft.jpg&quot;,&quot;width&quot;:658,&quot;height&quot;:492},&quot;ngmercadolivre_default&quot;:{&quot;url&quot;:&quot;https:\/\/www.kppairsoft.com.br\/12734-ngmercadolivre_default\/molas-aeg-kpp-airsoft.jpg&quot;,&quot;width&quot;:800,&quot;height&quot;:800},&quot;thickbox_default&quot;:{&quot;url&quot;:&quot;https:\/\/www.kppairsoft.com.br\/12734-thickbox_default\/molas-aeg-kpp-airsoft.jpg&quot;,&quot;width&quot;:1200,&quot;height&quot;:900}},&quot;small&quot;:{&quot;url&quot;:&quot;https:\/\/www.kppairsoft.com.br\/12734-small_default\/molas-aeg-kpp-airsoft.jpg&quot;,&quot;width&quot;:80,&quot;height&quot;:60},&quot;medium&quot;:{&quot;url&quot;:&quot;https:\/\/www.kppairsoft.com.br\/12734-home_default\/molas-aeg-kpp-airsoft.jpg&quot;,&quot;width&quot;:256,&quot;height&quot;:192},&quot;large&quot;:{&quot;url&quot;:&quot;https:\/\/www.kppairsoft.com.br\/12734-thickbox_default\/molas-aeg-kpp-airsoft.jpg&quot;,&quot;width&quot;:1200,&quot;height&quot;:900},&quot;legend&quot;:&quot;&quot;,&quot;id_image&quot;:&quot;12734&quot;,&quot;cover&quot;:null,&quot;position&quot;:&quot;24&quot;,&quot;associatedVariants&quot;:[&quot;76160&quot;]}],&quot;cover&quot;:{&quot;bySize&quot;:{&quot;small_default&quot;:{&quot;url&quot;:&quot;https:\/\/www.kppairsoft.com.br\/12733-small_default\/molas-aeg-kpp-airsoft.jpg&quot;,&quot;width&quot;:80,&quot;height&quot;:60},&quot;cart_default&quot;:{&quot;url&quot;:&quot;https:\/\/www.kppairsoft.com.br\/12733-cart_default\/molas-aeg-kpp-airsoft.jpg&quot;,&quot;width&quot;:120,&quot;height&quot;:90},&quot;medium_default&quot;:{&quot;url&quot;:&quot;https:\/\/www.kppairsoft.com.br\/12733-medium_default\/molas-aeg-kpp-airsoft.jpg&quot;,&quot;width&quot;:205,&quot;height&quot;:153},&quot;home_default&quot;:{&quot;url&quot;:&quot;https:\/\/www.kppairsoft.com.br\/12733-home_default\/molas-aeg-kpp-airsoft.jpg&quot;,&quot;width&quot;:256,&quot;height&quot;:192},&quot;large_default&quot;:{&quot;url&quot;:&quot;https:\/\/www.kppairsoft.com.br\/12733-large_default\/molas-aeg-kpp-airsoft.jpg&quot;,&quot;width&quot;:658,&quot;height&quot;:492},&quot;ngmercadolivre_default&quot;:{&quot;url&quot;:&quot;https:\/\/www.kppairsoft.com.br\/12733-ngmercadolivre_default\/molas-aeg-kpp-airsoft.jpg&quot;,&quot;width&quot;:800,&quot;height&quot;:800},&quot;thickbox_default&quot;:{&quot;url&quot;:&quot;https:\/\/www.kppairsoft.com.br\/12733-thickbox_default\/molas-aeg-kpp-airsoft.jpg&quot;,&quot;width&quot;:1200,&quot;height&quot;:900}},&quot;small&quot;:{&quot;url&quot;:&quot;https:\/\/www.kppairsoft.com.br\/12733-small_default\/molas-aeg-kpp-airsoft.jpg&quot;,&quot;width&quot;:80,&quot;height&quot;:60},&quot;medium&quot;:{&quot;url&quot;:&quot;https:\/\/www.kppairsoft.com.br\/12733-home_default\/molas-aeg-kpp-airsoft.jpg&quot;,&quot;width&quot;:256,&quot;height&quot;:192},&quot;large&quot;:{&quot;url&quot;:&quot;https:\/\/www.kppairsoft.com.br\/12733-thickbox_default\/molas-aeg-kpp-airsoft.jpg&quot;,&quot;width&quot;:1200,&quot;height&quot;:900},&quot;legend&quot;:&quot;&quot;,&quot;id_image&quot;:&quot;12733&quot;,&quot;cover&quot;:&quot;1&quot;,&quot;position&quot;:&quot;23&quot;,&quot;associatedVariants&quot;:[]},&quot;has_discount&quot;:false,&quot;discount_type&quot;:null,&quot;discount_percentage&quot;:null,&quot;discount_percentage_absolute&quot;:null,&quot;discount_amount&quot;:null,&quot;discount_amount_to_display&quot;:null,&quot;price_amount&quot;:44.9,&quot;unit_price_full&quot;:&quot;&quot;,&quot;show_availability&quot;:true,&quot;availability_date&quot;:null,&quot;availability_message&quot;:&quot;&quot;,&quot;availability&quot;:&quot;available&quot;}\">\n<section class=\"product-features\">\n<dl class=\"data-sheet\">\n<dt class=\"name\">Produto<\/dt>\n<dd class=\"value\">Mola<\/dd>\n<dt class=\"name\">Modelo da Arma<\/dt>\n<dd class=\"value\">AEG<\/dd>\n<dt class=\"name\">Material<\/dt>\n<dd class=\"value\">A\u00e7o SAE 1070<\/dd>\n<\/dl>\n<\/section>\n<\/div>\n<\/div>\n<\/section>\n","protected":false},"excerpt":{"rendered":"<p>S\u00f3 a maior f\u00e1brica de pe\u00e7as e componentes para o Airsoft da Am\u00e9rica Latina, pode lhe entregar a melhor! A Mola Aeg da KPP \u00e9 projetada para requerer o menor esfor\u00e7o de todos os componentes de sua gearbox e mesmo assim, atingir o FPS indicado. Mola fabricada com o sistema de Passo Duplo, ou seja, [&#8230;]\n","protected":false},"featured_media":526,"comment_status":"open","ping_status":"closed","template":"","meta":{"_joinchat":[]},"product_cat":[129],"product_tag":[],"class_list":{"0":"post-529","1":"product","2":"type-product","3":"status-publish","4":"has-post-thumbnail","6":"product_cat-molas-e-guia-de-mola","8":"first","9":"instock","10":"shipping-taxable","11":"purchasable","12":"product-type-simple"},"jetpack_sharing_enabled":true,"_links":{"self":[{"href":"https:\/\/www.lojafare.com.br\/index.php?rest_route=\/wp\/v2\/product\/529","targetHints":{"allow":["GET"]}}],"collection":[{"href":"https:\/\/www.lojafare.com.br\/index.php?rest_route=\/wp\/v2\/product"}],"about":[{"href":"https:\/\/www.lojafare.com.br\/index.php?rest_route=\/wp\/v2\/types\/product"}],"replies":[{"embeddable":true,"href":"https:\/\/www.lojafare.com.br\/index.php?rest_route=%2Fwp%2Fv2%2Fcomments&post=529"}],"wp:featuredmedia":[{"embeddable":true,"href":"https:\/\/www.lojafare.com.br\/index.php?rest_route=\/wp\/v2\/media\/526"}],"wp:attachment":[{"href":"https:\/\/www.lojafare.com.br\/index.php?rest_route=%2Fwp%2Fv2%2Fmedia&parent=529"}],"wp:term":[{"taxonomy":"product_cat","embeddable":true,"href":"https:\/\/www.lojafare.com.br\/index.php?rest_route=%2Fwp%2Fv2%2Fproduct_cat&post=529"},{"taxonomy":"product_tag","embeddable":true,"href":"https:\/\/www.lojafare.com.br\/index.php?rest_route=%2Fwp%2Fv2%2Fproduct_tag&post=529"}],"curies":[{"name":"wp","href":"https:\/\/api.w.org\/{rel}","templated":true}]}}