{"id":879,"date":"2024-01-30T15:49:20","date_gmt":"2024-01-30T18:49:20","guid":{"rendered":"https:\/\/www.lojafare.com.br\/?post_type=product&#038;p=879"},"modified":"2024-02-06T11:53:24","modified_gmt":"2024-02-06T14:53:24","slug":"lanterna-tatica-swat-profissional","status":"publish","type":"product","link":"https:\/\/www.lojafare.com.br\/?product=lanterna-tatica-swat-profissional","title":{"rendered":"Lanterna Tatica Swat Profissional"},"content":{"rendered":"<p align=\"left\"><strong>Especifica\u00e7\u00f5es:<\/strong><\/p>\n<ul>\n<li>Modelo: wp990000w<\/li>\n<li>L\u00e2mpada: xhp50\/xhp70<\/li>\n<li>Tamanho: 17.4*4.3*3.5cm(<\/li>\n<li>Peso liquido: 120g<\/li>\n<li><span data-spm-anchor-id=\"a2g0o.detail.1000023.i0.4f9awTDpwTDpqB\">Material: liga de alum\u00ednio + abs<\/span><\/li>\n<li>M\u00e9todo de carregamento: micro carregamento cabo<\/li>\n<li>M\u00e9todo de zoom: zoom telesc\u00f3pico<\/li>\n<\/ul>\n<p><strong>O que vem no pacote:<\/strong><\/p>\n<ul>\n<li>1x Lanterna<\/li>\n<li>1x Carregador 12\/24 v (carro)<\/li>\n<li>2x Pilha recarreg\u00e1vel<\/li>\n<li>1x Suporte para Pilha<\/li>\n<li>1x Suporte para ilumina\u00e7\u00e3o sinalizador vermelho<\/li>\n<\/ul>\n","protected":false},"excerpt":{"rendered":"<p>Especifica\u00e7\u00f5es: Modelo: wp990000w L\u00e2mpada: xhp50\/xhp70 Tamanho: 17.4*4.3*3.5cm( Peso liquido: 120g Material: liga de alum\u00ednio + abs M\u00e9todo de carregamento: micro carregamento cabo M\u00e9todo de zoom: zoom telesc\u00f3pico O que vem no pacote: 1x Lanterna 1x Carregador 12\/24 v (carro) 2x Pilha recarreg\u00e1vel 1x Suporte para Pilha 1x Suporte para ilumina\u00e7\u00e3o sinalizador vermelho<\/p>\n","protected":false},"featured_media":894,"comment_status":"open","ping_status":"closed","template":"","meta":{"_joinchat":[]},"product_cat":[123],"product_tag":[],"class_list":{"0":"post-879","1":"product","2":"type-product","3":"status-publish","4":"has-post-thumbnail","6":"product_cat-lanternas-taticas","8":"first","9":"instock","10":"shipping-taxable","11":"purchasable","12":"product-type-simple"},"jetpack_sharing_enabled":true,"_links":{"self":[{"href":"https:\/\/www.lojafare.com.br\/index.php?rest_route=\/wp\/v2\/product\/879","targetHints":{"allow":["GET"]}}],"collection":[{"href":"https:\/\/www.lojafare.com.br\/index.php?rest_route=\/wp\/v2\/product"}],"about":[{"href":"https:\/\/www.lojafare.com.br\/index.php?rest_route=\/wp\/v2\/types\/product"}],"replies":[{"embeddable":true,"href":"https:\/\/www.lojafare.com.br\/index.php?rest_route=%2Fwp%2Fv2%2Fcomments&post=879"}],"wp:featuredmedia":[{"embeddable":true,"href":"https:\/\/www.lojafare.com.br\/index.php?rest_route=\/wp\/v2\/media\/894"}],"wp:attachment":[{"href":"https:\/\/www.lojafare.com.br\/index.php?rest_route=%2Fwp%2Fv2%2Fmedia&parent=879"}],"wp:term":[{"taxonomy":"product_cat","embeddable":true,"href":"https:\/\/www.lojafare.com.br\/index.php?rest_route=%2Fwp%2Fv2%2Fproduct_cat&post=879"},{"taxonomy":"product_tag","embeddable":true,"href":"https:\/\/www.lojafare.com.br\/index.php?rest_route=%2Fwp%2Fv2%2Fproduct_tag&post=879"}],"curies":[{"name":"wp","href":"https:\/\/api.w.org\/{rel}","templated":true}]}}