{"id":918,"date":"2024-01-30T16:34:24","date_gmt":"2024-01-30T19:34:24","guid":{"rendered":"https:\/\/www.lojafare.com.br\/?post_type=product&#038;p=918"},"modified":"2024-01-30T16:34:24","modified_gmt":"2024-01-30T19:34:24","slug":"lanterna-tatica-profissional-t6","status":"publish","type":"product","link":"https:\/\/www.lojafare.com.br\/?product=lanterna-tatica-profissional-t6","title":{"rendered":"Lanterna T\u00e1tica Profissional T6"},"content":{"rendered":"<div class=\"Item_Description2\">\n<p><strong>\u00a0&#8211; Lanterna T\u00e1tica Profissional LT812 LED T6 USB<\/strong><br \/>\nLanterna T\u00e1tica super potente e de alta qualidade, produzida para uso profissional.<br \/>\nEquipada com LED CREE XML T6, possui regulagem de foco\/zoom podendo abrir o foco para ilumina\u00e7\u00e3o de uma grande \u00e1rea ou fechar o foco para ilumina\u00e7\u00e3o de locais mais distantes.<\/p>\n<\/div>\n<div class=\"Item_Description2\">\n<p><strong>\u00a0&#8211; FUNCIONAMENTO<\/strong><br \/>\nPossui sistema de acionamento eletr\u00f4nico com 3 modos de funcionamento: Luz forte (100% da pot\u00eancia)<br \/>\nLuz m\u00e9dia (50% da pot\u00eancia)<br \/>\nModo Strobo (piscando).<br \/>\nPara seu funcionamento, utiliza bateria recarreg\u00e1vel 18650. Sua bateria tem uma longa dura\u00e7\u00e3o e o carregamento \u00e9 via tomada USB (carregador de celular), que possibilita ser carregado em qualquer entrada USB, sem a necessidade de cabos, MUITO MAIS PR\u00c1TICO!!!<\/p>\n<\/div>\n<div class=\"Item_Description2\">\n<p><strong>\u00a0&#8211; COMPACTA E ROBUSTA<\/strong><br \/>\nCom o corpo totalmente produzido em metal \u00e9 leve, resistente e n\u00e3o esquenta. \u00c9 resistente a chuva, lama e choques.<\/p>\n<\/div>\n<div class=\"Item_Description2\"><strong>Itens Inclusos:<\/strong><\/div>\n<div class=\"Item_Description2\">\n<div>1 x Lanterna T\u00e1tica Profissional USB<br \/>\n1 x Bateria Recarreg\u00e1vel 18650<br \/>\n1 x Al\u00e7a de M\u00e3o<\/div>\n<div><\/div>\n<\/div>\n<div class=\"Item_Description2\"><\/div>\n<div class=\"Item_Description2\"><strong>Descri\u00e7\u00e3o T\u00e9cnica<\/strong><strong>\u00a0Lanterna T\u00e1tica:<br \/>\n<\/strong><\/div>\n<div class=\"Item_Description2\">&#8211; Super confort\u00e1vel e segura. &#8211; Corpo em metal super resistente<br \/>\n&#8211; Resistente a \u00e1gua<br \/>\n&#8211; A prova de choques<br \/>\n&#8211; A prova de corros\u00f5es<br \/>\n&#8211; 3 modos de funcionamento<br \/>\nModo 1: 50% da capacidade (Econ\u00f4mica)<br \/>\nModo 2: 100% da capacidade (Super Potente)<br \/>\nModo 3: Strobo (Utilizado em situa\u00e7\u00f5es de<br \/>\nemerg\u00eancia para sinalizar sua localiza\u00e7\u00e3o)<br \/>\n&#8211; Utiliza micro-led Cree XML T6, super potente.<br \/>\n&#8211; Vida \u00fatil do led de at\u00e9 100.000 horas de uso.<br \/>\n&#8211; Carregador bivolt (110v &#8211; 220v)<br \/>\n&#8211; Alimenta\u00e7\u00e3o: Bateria 18650 3.7 ~ 4.2V<br \/>\n&#8211; Bateria recarreg\u00e1vel<br \/>\n&#8211; Dimens\u00f5es: 11 x 2,7cm.<br \/>\n&#8211; Peso: 98g<\/div>\n","protected":false},"excerpt":{"rendered":"<p>\u00a0&#8211; Lanterna T\u00e1tica Profissional LT812 LED T6 USB Lanterna T\u00e1tica super potente e de alta qualidade, produzida para uso profissional. Equipada com LED CREE XML T6, possui regulagem de foco\/zoom podendo abrir o foco para ilumina\u00e7\u00e3o de uma grande \u00e1rea ou fechar o foco para ilumina\u00e7\u00e3o de locais mais distantes. \u00a0&#8211; FUNCIONAMENTO Possui sistema de [&#8230;]\n","protected":false},"featured_media":920,"comment_status":"open","ping_status":"closed","template":"","meta":{"_joinchat":[]},"product_cat":[123],"product_tag":[],"class_list":{"0":"post-918","1":"product","2":"type-product","3":"status-publish","4":"has-post-thumbnail","6":"product_cat-lanternas-taticas","8":"first","9":"instock","10":"shipping-taxable","11":"purchasable","12":"product-type-simple"},"jetpack_sharing_enabled":true,"_links":{"self":[{"href":"https:\/\/www.lojafare.com.br\/index.php?rest_route=\/wp\/v2\/product\/918","targetHints":{"allow":["GET"]}}],"collection":[{"href":"https:\/\/www.lojafare.com.br\/index.php?rest_route=\/wp\/v2\/product"}],"about":[{"href":"https:\/\/www.lojafare.com.br\/index.php?rest_route=\/wp\/v2\/types\/product"}],"replies":[{"embeddable":true,"href":"https:\/\/www.lojafare.com.br\/index.php?rest_route=%2Fwp%2Fv2%2Fcomments&post=918"}],"wp:featuredmedia":[{"embeddable":true,"href":"https:\/\/www.lojafare.com.br\/index.php?rest_route=\/wp\/v2\/media\/920"}],"wp:attachment":[{"href":"https:\/\/www.lojafare.com.br\/index.php?rest_route=%2Fwp%2Fv2%2Fmedia&parent=918"}],"wp:term":[{"taxonomy":"product_cat","embeddable":true,"href":"https:\/\/www.lojafare.com.br\/index.php?rest_route=%2Fwp%2Fv2%2Fproduct_cat&post=918"},{"taxonomy":"product_tag","embeddable":true,"href":"https:\/\/www.lojafare.com.br\/index.php?rest_route=%2Fwp%2Fv2%2Fproduct_tag&post=918"}],"curies":[{"name":"wp","href":"https:\/\/api.w.org\/{rel}","templated":true}]}}